000
CXUS51 KOKX 021232 RRA
CLSBDR
NYCCLSBDR 000
TTAA00 OKX 021229
CLIMATE REPORT
NATIONAL WEATHER SERVICE NEW YORK, NY
720 AM EST SAT MAR 02 2024
...................................
...THE BRIDGEPORT CT CLIMATE SUMMARY FOR THE SEASON, FROM
12/1/2023 TO 2/29/2024...
CLIMATE NORMAL PERIOD 1991 TO 2020
CLIMATE RECORD PERIOD 1948 TO 2024
WEATHER OBSERVED NORMAL DEPART LAST YEAR`S
VALUE DATE(S) VALUE FROM VALUE
NORMAL
..............................................................
TEMPERATURE (F)
RECORD
HIGH 76 12/07/1998
LOW -7 01/22/1984
HIGHEST 61 12/18 MM MM
LOWEST 14 01/21 MM MM
AVG. MAXIMUM 43.8 40.9 2.9
AVG. MINIMUM 30.8 26.7 4.1
MEAN 37.3 33.8 3.5
DAYS MAX >= 90 0 0.0 0.0
DAYS MAX <= 32 7 17.2 -10.2
DAYS MIN <= 32 53 66.1 -13.1
DAYS MIN <= 0 0 0.4 -0.4
PRECIPITATION (INCHES)
RECORD
MAXIMUM 19.61 1979
MINIMUM 4.33 1980
TOTALS 16.27 10.28 5.99 10.46
DAILY AVG. 0.18 NAN NAN
DAYS >= .01 33 33.1 -0.1
DAYS >= .10 20 20.3 -0.3
DAYS >= .50 11 7.2 3.8
DAYS >= 1.00 6 2.2 3.8
GREATEST
24 HR. TOTAL 3.57 12/10 TO 12/11
STORM TOTAL 2.75
(MM/DD(HH))
SNOWFALL (INCHES)
RECORDS
TOTAL 59.0 2011
24 HR TOTAL 3.8 MM
TOTALS 15.6 24.7 -9.1
LIQUID EQUIV 1.60 2.40 -0.80
SINCE 7/1 15.6 25.7 -10.1
LIQUID 7/1 1.56
DAYS >= TRACE 16 11.4 4.6
DAYS >= 1.0 4 6.7 -2.7
GREATEST
SNOW DEPTH 7 02/14
24 HR TOTAL MM
STORM TOTAL 7.6
(MM/DD(HH))
DEGREE DAYS
HEATING TOTAL 2491 2803 -312
SINCE 7/1 3393 3760 -367
COOLING TOTAL 0 0 0
SINCE 1/1 0 0 0
..............................................................
WIND (MPH)
AVERAGE WIND SPEED 8.3
HIGHEST WIND SPEED/DIRECTION 39/310 DATE 02/28
HIGHEST GUST SPEED/DIRECTION 56/300 DATE 02/28
SKY COVER
POSSIBLE SUNSHINE (PERCENT) MM
AVERAGE SKY COVER 0.49
NUMBER OF DAYS FAIR 37
NUMBER OF DAYS PC 21
NUMBER OF DAYS CLOUDY 33
AVERAGE RH (PERCENT) 70
WEATHER CONDITIONS. NUMBER OF DAYS WITH
THUNDERSTORM 0 MIXED PRECIP 0
HEAVY RAIN 12 RAIN 15
LIGHT RAIN 29 FREEZING RAIN 1
LT FREEZING RAIN 2 HAIL 0
HEAVY SNOW 1 SNOW 0
LIGHT SNOW 15 SLEET 1
FOG 36 FOG W/VIS <= 1/4 MILE 9
HAZE 2
- INDICATES NEGATIVE NUMBERS.
R INDICATES RECORD WAS SET OR TIED.
MM INDICATES DATA IS MISSING.
T INDICATES TRACE AMOUNT.
$$