000
CXUS51 KALY 021356
CLSALB
CLIMATE REPORT
NATIONAL WEATHER SERVICE ALBANY NY
856 AM EST FRI DEC 02 2022
...................................
...THE ALBANY NY CLIMATE SUMMARY FOR THE SEASON, FROM
9/1/2022 TO 11/30/2022...
CLIMATE NORMAL PERIOD: 1991 TO 2020
CLIMATE RECORD PERIOD: 1874 TO 2022
WEATHER OBSERVED NORMAL DEPART LAST YEAR`S
VALUE DATE(S) VALUE FROM VALUE DATE(S)
NORMAL
................................................................
TEMPERATURE (F)
RECORD
HIGH 100 09/03/1953
09/02/1953
LOW -11 11/26/1938
HIGHEST 87 09/04 81 09/18
LOWEST 19 11/21 19 11/24
AVG. MAXIMUM 63.5 61.8 1.7 61.9
AVG. MINIMUM 43.5 41.8 1.7 43.3
MEAN 53.5 51.8 1.7 52.6
DAYS MAX >= 90 0 0.6 -0.6 35
DAYS MAX <= 32 0 1.1 -1.1 22
DAYS MIN <= 32 21 22.8 -1.8 11
DAYS MIN <= 0 0 0.0 0.0 5
PRECIPITATION (INCHES)
RECORD
MAXIMUM 18.39 1869
MINIMUM 2.39 1964
TOTALS 11.83 10.57 1.26 15.21
DAILY AVG. 0.13 0.17
DAYS >= .01 30 32.0 -2.0 35
DAYS >= .10 19 19.0 0.0 22
DAYS >= .50 8 7.1 0.9 11
DAYS >= 1.00 3 2.6 0.4 5
GREATEST
24 HR. TOTAL 2.05 09/05 TO 09/06
DEGREE DAYS
HEATING TOTAL 1099 1280 -181 1137
SINCE 7/1 1099 1292 -193
COOLING TOTAL 76 76 0 32
SINCE 1/1 934 719 215
................................................................
WIND (MPH)
AVERAGE WIND SPEED 6.2
HIGHEST WIND SPEED/DIRECTION 30/280 DATE 10/27
HIGHEST GUST SPEED/DIRECTION 44/230 DATE 11/20
WEATHER CONDITIONS. NUMBER OF DAYS WITH
THUNDERSTORM 6 MIXED PRECIP 0
HEAVY RAIN 6 RAIN 15
LIGHT RAIN 34 FREEZING RAIN 0
LT FREEZING RAIN 2 HAIL 1
HEAVY SNOW 0 SNOW 0
LIGHT SNOW 7 SLEET 3
FOG 46 FOG W/VIS <= 1/4 MILE 11
HAZE 0
- INDICATES NEGATIVE NUMBERS.
R INDICATES RECORD WAS SET OR TIED.
MM INDICATES DATA IS MISSING.
T INDICATES TRACE AMOUNT.
$$