000
CXUS51 KCAR 071842
CLSBGR
CLIMATE REPORT
NATIONAL WEATHER SERVICE CARIBOU ME
242 PM EDT THU SEP 07 2023
...................................
...THE BANGOR ME CLIMATE SUMMARY FOR THE SEASON, FROM
6/1/2023 TO 8/31/2023...
CLIMATE NORMAL PERIOD: 1991 TO 2020
CLIMATE RECORD PERIOD: 1925 TO 2023
WEATHER OBSERVED NORMAL DEPART LAST YEAR`S
VALUE DATE(S) VALUE FROM VALUE DATE(S)
NORMAL
................................................................
TEMPERATURE (F)
RECORD
HIGH 104 08/19/1935
LOW 29 06/03/1939
HIGHEST 93 06/01 MM MM 93 08/07
LOWEST 42 06/03 MM MM 40 06/21
06/04
AVG. MAXIMUM 76.4 78.2 -1.8 79.6
AVG. MINIMUM 58.3 56.1 2.2 57.2
MEAN 67.3 67.1 0.2 68.4
DAYS MAX >= 90 3 5.4 -2.4 7
DAYS MAX <= 32 0 0.0 0.0 0
DAYS MIN <= 32 0 0.0 0.0 0
DAYS MIN <= 0 0 0.0 0.0 0
PRECIPITATION (INCHES)
RECORD
MAXIMUM 17.07 2006
MINIMUM 7.78 2016
TOTALS 16.04 10.09 5.95 8.25
DAILY AVG. 0.17 0.11 0.06 0.09
DAYS >= .01 44 32.9 11.1 32
DAYS >= .10 28 19.8 8.2 19
DAYS >= .50 9 7.0 2.0 3
DAYS >= 1.00 4 2.2 1.8 3
GREATEST
24 HR. TOTAL 3.61 0MM07 TO 08/08 2.13
SNOWFALL (INCHES)
RECORDS
TOTAL T 2017
TOTALS 0.0 0.0 0.0 0.0
SINCE 7/1 0.0 0.0 0.0 MM
SNOWDEPTH AVG. 0 0
DAYS >= 1.0 0 0.0 0.0 0
GREATEST
SNOW DEPTH 0 0 MM
24 HR TOTAL 0.0 MM
DEGREE DAYS
HEATING TOTAL 146 140 6 106
SINCE 7/1 21 38 -17 MM
COOLING TOTAL 387 338 49 443
SINCE 1/1 394 346 48 MM
................................................................
WIND (MPH)
AVERAGE WIND SPEED 6.6
HIGHEST WIND SPEED/DIRECTION 26/340 DATE 08/31
HIGHEST GUST SPEED/DIRECTION 39/320 DATE 08/31
SKY COVER
POSSIBLE SUNSHINE (PERCENT) MM
AVERAGE SKY COVER 0.70
NUMBER OF DAYS FAIR 11
NUMBER OF DAYS PC 33
NUMBER OF DAYS CLOUDY 48
AVERAGE RH (PERCENT) 79
WEATHER CONDITIONS. NUMBER OF DAYS WITH
THUNDERSTORM 11 MIXED PRECIP 0
HEAVY RAIN 14 RAIN 27
LIGHT RAIN 54 FREEZING RAIN 0
LT FREEZING RAIN 0 HAIL 0
HEAVY SNOW 0 SNOW 0
LIGHT SNOW 0 SLEET 0
FOG 76 FOG W/VIS <= 1/4 MILE 14
HAZE 4
- INDICATES NEGATIVE NUMBERS.
* INDICATES RECORD WAS SET OR TIED.
MM INDICATES DATA IS MISSING.
T INDICATES TRACE AMOUNT.
$$