301
CXUS53 KPAH 010651
CLSCGI
CLIMATE REPORT
NATIONAL WEATHER SERVICE PADUCAH
1251 AM CST TUE DEC 01 2020
...................................
...THE CAPE GIRARDEAU MO CLIMATE SUMMARY FOR THE SEASON, FROM
9/1/2020 TO 11/30/2020...
CLIMATE NORMAL PERIOD 1981 TO 2010
CLIMATE RECORD PERIOD 1960 TO 2020
WEATHER OBSERVED NORMAL DEPART LAST YEAR`S
VALUE DATE(S) VALUE FROM VALUE
NORMAL
..............................................................
TEMPERATURE (F)
RECORD
HIGH 100 09/06/1960
LOW 8 11/18/2014
11/29/1976
HIGHEST 89 09/09 MM MM
09/10
LOWEST 24 11/02 MM MM
AVG. MAXIMUM 70.4 69.7 0.7
AVG. MINIMUM 46.5 45.9 0.6
MEAN 58.4 57.8 0.6
DAYS MAX >= 90 0 3.7 -3.7
DAYS MAX <= 32 0 0.1 -0.1
DAYS MIN <= 32 12 14.5 -2.5
DAYS MIN <= 0 0 0.0 0.0
PRECIPITATION (INCHES)
RECORD
MAXIMUM 22.13 1984
MINIMUM 3.54 1999
TOTALS 10.22 11.51 -1.29
DAILY AVG. 0.11 0.13 -0.01
DAYS >= .01 23 26.2 -3.2
DAYS >= .10 17 17.5 -0.5
DAYS >= .50 6 7.9 -1.9
DAYS >= 1.00 3 3.6 -0.6
GREATEST
24 HR. TOTAL 3.21
STORM TOTAL 1.85
(MM/DD(HH))
DEGREE DAYS
HEATING TOTAL 778 850 -72
SINCE 7/1 778 851 -73
COOLING TOTAL 199 193 6
SINCE 1/1 1506 1453 53
FREEZE DATES
RECORD
EARLIEST MM
LATEST MM
EARLIEST 10/05
LATEST 04/18
..............................................................
WIND (MPH)
AVERAGE WIND SPEED 6.2
HIGHEST WIND SPEED/DIRECTION 33/260 DATE 10/23
HIGHEST GUST SPEED/DIRECTION 66/270 DATE 10/23
SKY COVER
POSSIBLE SUNSHINE (PERCENT) MM
AVERAGE SKY COVER 0.35
NUMBER OF DAYS FAIR 54
NUMBER OF DAYS PC 21
NUMBER OF DAYS CLOUDY 16
AVERAGE RH (PERCENT) 71
WEATHER CONDITIONS. NUMBER OF DAYS WITH
THUNDERSTORM 10 MIXED PRECIP 0
HEAVY RAIN 9 RAIN 15
LIGHT RAIN 31 FREEZING RAIN 0
LT FREEZING RAIN 0 HAIL 0
HEAVY SNOW 0 SNOW 0
LIGHT SNOW 2 SLEET 0
FOG 62 FOG W/VIS <= 1/4 MILE 21
HAZE 21
- INDICATES NEGATIVE NUMBERS.
R INDICATES RECORD WAS SET OR TIED.
MM INDICATES DATA IS MISSING.
T INDICATES TRACE AMOUNT.
$$