000
CXUS51 KRLX 011104
CLSCRW
CLIMATE REPORT
NATIONAL WEATHER SERVICE CHARLESTON WV
604 AM EST THU DEC 01 2022
...................................
...THE CHARLESTON WV CLIMATE SUMMARY FOR THE SEASON, FROM
9/1/2022 TO 11/30/2022...
CLIMATE NORMAL PERIOD: 1991 TO 2020
CLIMATE RECORD PERIOD: 1901 TO 2022
WEATHER OBSERVED NORMAL DEPART LAST YEAR`S
VALUE DATE(S) VALUE FROM VALUE
NORMAL
..............................................................
TEMPERATURE (F)
RECORD
HIGH 104 09/03/1932
09/02/1932
09/01/1932
LOW 6 11/25/1950
11/30/1929
HIGHEST 88 09/02 88
LOWEST 17 11/21 21
AVG. MAXIMUM 67.4 68.5 -1.1 69.0
AVG. MINIMUM 44.0 46.0 -2.0 47.1
MEAN 55.7 57.2 -1.5 58.1
DAYS MAX >= 90 0 3.5 -3.5 0
DAYS MAX <= 32 0 0.4 -0.4 0
DAYS MAX >= 80 16 23
DAYS MAX >= 100 0 0
DAYS MIN <= 32 15 15.1 -0.1 15
DAYS MIN <= 0 0 0.0 0.0 0
DAYS MIN <= 10 0 0
PRECIPITATION (INCHES)
RECORD
MAXIMUM 18.71 2018
MINIMUM 2.94 1953
TOTALS 6.15 9.57 -3.42 7.41
DAILY AVG. 0.07 0.11 -0.04 0.08
DAYS >= .01 27 30.1 -3.1 31
DAYS >= .10 14 18.6 -4.6 19
DAYS >= .50 4 6.2 -2.2 4
DAYS >= 1.00 1 2.2 -1.2 1
GREATEST
24 HR. TOTAL 1.34 1.52
SNOWFALL (INCHES)
RECORDS
TOTAL 25.7 1950
24 HR TOTAL 12.6 11/24/1950 TO 11/24/1950
TOTALS 0.2 2.1 -1.9 T
SINCE 7/1 0.2 2.1 -1.9 MM
DAYS >= TRACE 6 1.6 4.4 3
DAYS >= 1.0 0 0.6 -0.6 0
DAYS >= 3.0 0 0
GREATEST
SNOW DEPTH T 0
24 HR TOTAL 0.2 T
DEGREE DAYS
HEATING TOTAL 955 875 80 812
SINCE 7/1 955 876 79 MM
COOLING TOTAL 128 169 -41 200
SINCE 1/1 1157 1160 -3 MM
..............................................................
WIND (MPH)
AVERAGE WIND SPEED 3.6
HIGHEST WIND SPEED/DIRECTION 29/280 DATE 11/30
HIGHEST GUST SPEED/DIRECTION 49/290 DATE 11/30
SKY COVER
AVERAGE SKY COVER 0.52
NUMBER OF DAYS FAIR 27
NUMBER OF DAYS PC 42
NUMBER OF DAYS CLOUDY 22
AVERAGE RH (PERCENT) 72
WEATHER CONDITIONS. NUMBER OF DAYS WITH
THUNDERSTORM 1 MIXED PRECIP 0
HEAVY RAIN 4 RAIN 11
LIGHT RAIN 34 FREEZING RAIN 0
LT FREEZING RAIN 0 HAIL 0
HEAVY SNOW 0 SNOW 0
LIGHT SNOW 5 SLEET 2
FOG 63 FOG W/VIS <= 1/4 MILE 22
HAZE 3
- INDICATES NEGATIVE NUMBERS.
R INDICATES RECORD WAS SET OR TIED.
MM INDICATES DATA IS MISSING.
T INDICATES TRACE AMOUNT.
$$