000
CXUS51 KALY 011555
CLSDDH
CLIMATE REPORT
NATIONAL WEATHER SERVICE ALBANY NY
1055 AM EST TUE MAR 01 2022
...................................
...THE BENNINGTON VT CLIMATE SUMMARY FOR THE SEASON, FROM
12/1/2021 TO 2/28/2022...
CLIMATE NORMAL PERIOD: 1991 TO 2020
CLIMATE RECORD PERIOD: 9999 TO 9999
WEATHER OBSERVED NORMAL DEPART LAST YEAR`S
VALUE DATE(S) VALUE FROM VALUE DATE(S)
NORMAL
................................................................
TEMPERATURE (F)
HIGHEST 63 12/11 64 12/25
12/16
12/17
LOWEST -12 01/30 -14 01/30
AVG. MAXIMUM 36.3 34.9 1.4 33.8
AVG. MINIMUM 16.5 16.0 0.5 18.3
MEAN 26.4 25.5 0.9 26.0
DAYS MAX >= 90 0 0.0 0.0 0
DAYS MAX <= 32 38 39.4 -1.4 44
DAYS MIN <= 32 81 81.5 -0.5 84
DAYS MIN <= 0 13 10.3 2.7 8
PRECIPITATION (INCHES)
TOTALS 7.65 7.21 0.44 6.19
DAILY AVG. 0.09 0.07
DAYS >= .01 37 40
DAYS >= .10 18 13
DAYS >= .50 5 4
DAYS >= 1.00 1 2
GREATEST
24 HR. TOTAL 1.46 02/03 TO 02/04
DEGREE DAYS
HEATING TOTAL 3414 3554 -140 3477
SINCE 7/1 4738 5079 -341 4793
COOLING TOTAL 0 0 0 0
SINCE 1/1 0 0 0 0
................................................................
WIND (MPH)
AVERAGE WIND SPEED 5.7
HIGHEST WIND SPEED/DIRECTION 43/190 DATE 02/18
HIGHEST GUST SPEED/DIRECTION 61/190 DATE 02/18
WEATHER CONDITIONS. NUMBER OF DAYS WITH
THUNDERSTORM 0 MIXED PRECIP 0
HEAVY RAIN 2 RAIN 6
LIGHT RAIN 22 FREEZING RAIN 3
LT FREEZING RAIN 5 HAIL 0
HEAVY SNOW 2 SNOW 8
LIGHT SNOW 37 SLEET 0
FOG 46 FOG W/VIS <= 1/4 MILE 10
HAZE 20
- INDICATES NEGATIVE NUMBERS.
R INDICATES RECORD WAS SET OR TIED.
MM INDICATES DATA IS MISSING.
T INDICATES TRACE AMOUNT.
$$