000
CXUS51 KOKX 031409 RRA
CLSJFK
NYCCLSJFK 000
TTAA00 OKX 031407
CLIMATE REPORT
NATIONAL WEATHER SERVICE NEW YORK, NY
1009 AM EDT THU JUN 03 2021
...................................
...THE KENNEDY NY CLIMATE SUMMARY FOR THE SEASON, FROM
3/1/2021 TO 5/31/2021...
CLIMATE NORMAL PERIOD 1991 TO 2020
CLIMATE RECORD PERIOD 1948 TO 2021
WEATHER OBSERVED NORMAL DEPART LAST YEAR`S
VALUE DATE(S) VALUE FROM VALUE
NORMAL
..............................................................
TEMPERATURE (F)
RECORD
HIGH 99 05/29/1969
LOW 7 03/19/1967
HIGHEST 94 05/22 MM MM
LOWEST 22 03/02 MM MM
AVG. MAXIMUM 61.2 58.6 2.6
AVG. MINIMUM 43.5 43.0 0.5
MEAN 52.4 50.8 1.6
DAYS MAX >= 90 2 0.0 2.0
DAYS MAX <= 32 0 1.0 -1.0
DAYS MIN <= 32 14 13.1 0.9
DAYS MIN <= 0 0 0.0 0.0
PRECIPITATION (INCHES)
RECORD
MAXIMUM 20.40 1984
MINIMUM 6.34 2016
TOTALS 10.28 11.15 -0.87 8.38
DAILY AVG. 0.11 0.12 -0.01
DAYS >= .01 30 34.0 -4.0
DAYS >= .10 17 20.3 -3.3
DAYS >= .50 10 7.7 2.3
DAYS >= 1.00 1 2.9 -1.9
GREATEST
24 HR. TOTAL 1.90 05/28 TO 05/29
STORM TOTAL 1.08
(MM/DD(HH))
SNOWFALL (INCHES)
RECORDS
TOTAL 21.1 1960
24 HR TOTAL 9.0 03/13/1993 TO 03/13/1993
TOTALS T 4.9 -4.9
LIQUID EQUIV T 0.40 -0.40
SINCE 7/1 34.5 25.9 8.6
LIQUID 7/1 3.45
DAYS >= TRACE 3 3.0 0.0
DAYS >= 1.0 0 1.0 -1.0
GREATEST
SNOW DEPTH 0
24 HR TOTAL MM
STORM TOTAL 0.0
(MM/DD(HH))
DEGREE DAYS
HEATING TOTAL 1188 1337 -149
SINCE 7/1 4473 4849 -376
COOLING TOTAL 50 33 17
SINCE 1/1 50 32 18
..............................................................
WIND (MPH)
AVERAGE WIND SPEED 12.1
HIGHEST WIND SPEED/DIRECTION 46/310 DATE 03/14
HIGHEST GUST SPEED/DIRECTION 55/330 DATE 03/13
SKY COVER
POSSIBLE SUNSHINE (PERCENT) MM
AVERAGE SKY COVER 0.60
NUMBER OF DAYS FAIR 23
NUMBER OF DAYS PC 34
NUMBER OF DAYS CLOUDY 35
AVERAGE RH (PERCENT) 60
WEATHER CONDITIONS. NUMBER OF DAYS WITH
THUNDERSTORM 4 MIXED PRECIP 0
HEAVY RAIN 3 RAIN 14
LIGHT RAIN 35 FREEZING RAIN 0
LT FREEZING RAIN 0 HAIL 0
HEAVY SNOW 0 SNOW 0
LIGHT SNOW 3 SLEET 0
FOG 30 FOG W/VIS <= 1/4 MILE 8
HAZE 2
- INDICATES NEGATIVE NUMBERS.
R INDICATES RECORD WAS SET OR TIED.
MM INDICATES DATA IS MISSING.
T INDICATES TRACE AMOUNT.
$$