000
CXUS53 KGRR 011513
CLSJXN
WRKCLSJXN 000
TTAA00 GRR 011509
CLIMATE REPORT
NATIONAL WEATHER SERVICE GRAND RAPIDS, MICHIGAN
1007 AM EST TUE MAR 01 2022
...................................
...THE JACKSON CLIMATE SUMMARY FOR THE SEASON, FROM
12/1/2021 TO 2/28/2022...
CLIMATE NORMAL PERIOD: 1991 TO 2020
CLIMATE RECORD PERIOD: 1944 TO 2022
WEATHER OBSERVED NORMAL DEPART LAST YEAR`S
VALUE DATE(S) VALUE FROM VALUE DATE(S)
NORMAL
................................................................
TEMPERATURE (F)
HIGHEST 61 12/16 MM MM 59 02/28
LOWEST -9 01/29 MM MM -15 02/17
AVG. MAXIMUM 34.6 34.0 0.6 34.0
AVG. MINIMUM 18.3 19.9 -1.6 19.8
MEAN 26.5 27.0 -0.5 26.9
DAYS MAX >= 90 0 0.0 0.0 0
DAYS MAX <= 32 40 42.7 -2.7 37
DAYS MIN <= 32 84 79.6 4.4 83
DAYS MIN <= 0 3 6.4 -3.4 2
PRECIPITATION (INCHES)
TOTALS 5.10 4.95 0.15 2.79
DAILY AVG. 0.06 0.05 0.01 0.03
DAYS >= .01 26 34.9 -8.9 33
DAYS >= .10 12 12.9 -0.9 8
DAYS >= .50 2 2.3 -0.3 1
DAYS >= 1.00 1 0.3 0.7 0
GREATEST
24 HR. TOTAL 1.08
STORM TOTAL 1.04 MM
(MM/DD(HH)) MM
DEGREE DAYS
HEATING TOTAL 3439 3423 16 3256
SINCE 7/1 4561 4771 -210 MM
COOLING TOTAL 0 0 0 0
SINCE 1/1 0 0 0 MM
FREEZE DATES
EARLIEST 10/24
LATEST 05/14
................................................................
WIND (MPH)
AVERAGE WIND SPEED 9.2
RESULTANT WIND SPEED/DIRECTION 4/210
HIGHEST WIND SPEED/DIRECTION 40/210 DATE 12/11
HIGHEST GUST SPEED/DIRECTION 60/200 DATE 02/18
SKY COVER
POSSIBLE SUNSHINE (PERCENT) MM
AVERAGE SKY COVER 0.64
NUMBER OF DAYS FAIR 20
NUMBER OF DAYS PC 26
NUMBER OF DAYS CLOUDY 43
AVERAGE RH (PERCENT) 73
WEATHER CONDITIONS. NUMBER OF DAYS WITH
THUNDERSTORM 2 MIXED PRECIP 0
HEAVY RAIN 4 RAIN 6
LIGHT RAIN 14 FREEZING RAIN 3
LT FREEZING RAIN 2 HAIL 0
HEAVY SNOW 2 SNOW 7
LIGHT SNOW 44 SLEET 0
FOG 58 FOG W/VIS <= 1/4 MILE 7
HAZE 32
- INDICATES NEGATIVE NUMBERS.
R INDICATES RECORD WAS SET OR TIED.
MM INDICATES DATA IS MISSING.
T INDICATES TRACE AMOUNT.
$$