000
CXUS53 KEAX 011403
CLSMCI
CLIMATE REPORT
NATIONAL WEATHER SERVICE KANSAS CITY/PLEASANT HILL MO
757 AM CST FRI MAR 01 2024
...................................
...THE KANSAS CITY INTERNATIONAL MO CLIMATE SUMMARY FOR THE SEASON, FROM
12/1/2023 TO 2/29/2024...
CLIMATE NORMAL PERIOD: 1991 TO 2020
CLIMATE RECORD PERIOD: 1888 TO 2024
WEATHER OBSERVED NORMAL DEPART LAST YEAR`S
VALUE DATE(S) VALUE FROM VALUE DATE(S)
NORMAL
................................................................
TEMPERATURE (F)
RECORD
HIGH 81 02/24/1930
LOW -23 12/23/1989
12/22/1989
HIGHEST 77 02/26 67 10 72 02/06
LOWEST -16 01/15 0 -16 -4 12/22
12/23
AVG. MAXIMUM 46.0 41.4 4.6 45.8
AVG. MINIMUM 26.7 22.3 4.4 25.4
MEAN 36.4 31.9 4.5 35.6
DAYS MAX >= 90 0 0.0 0.0 0
DAYS MAX <= 32 13 23.1 -10.1 11
DAYS MIN <= 32 67 73.9 -6.9 67
DAYS MIN <= 0 6 3.6 2.4 3
PRECIPITATION (INCHES)
RECORD
MAXIMUM 8.62 1911
MINIMUM 0.58 1920
TOTALS 5.27 4.21 1.06 5.98
DAILY AVG. 0.06 NAN NAN 0.07
DAYS >= .01 28 20.0 8.0 23
DAYS >= .10 13 9.4 3.6 13
DAYS >= .50 4 2.6 1.4 3
DAYS >= 1.00 0 0.6 -0.6 2
GREATEST
24 HR. TOTAL 1.37
SNOWFALL (INCHES)
RECORDS
TOTAL 53.3 1962
TOTALS 11.0 14.8 -3.8 8.3
SINCE 7/1 13.2 16.2 -3.0 MM
DAYS >= TRACE 18 10.5 7.5 19
DAYS >= 1.0 3 4.7 -1.7 3
GREATEST
SNOW DEPTH 4 01/10
24 HR TOTAL 4.0 01/09 TO 01/09
DEGREE DAYS
HEATING TOTAL 2599 2985 -386 2628
COOLING TOTAL 0 0 0 0
................................................................
WIND (MPH)
AVERAGE WIND SPEED 9.8
HIGHEST WIND SPEED/DIRECTION 33/350 DATE 02/27
HIGHEST GUST SPEED/DIRECTION 49/340 DATE 02/27
SKY COVER
POSSIBLE SUNSHINE (PERCENT) MM
AVERAGE SKY COVER 0.58
NUMBER OF DAYS FAIR 28
NUMBER OF DAYS PC 28
NUMBER OF DAYS CLOUDY 35
AVERAGE RH (PERCENT) 72
WEATHER CONDITIONS. NUMBER OF DAYS WITH
THUNDERSTORM 2 MIXED PRECIP 0
HEAVY RAIN 2 RAIN 8
LIGHT RAIN 22 FREEZING RAIN 0
LT FREEZING RAIN 5 HAIL 0
HEAVY SNOW 1 SNOW 5
LIGHT SNOW 17 SLEET 3
FOG 40 FOG W/VIS <= 1/4 MILE 15
HAZE 11
- INDICATES NEGATIVE NUMBERS.
R INDICATES RECORD WAS SET OR TIED.
MM INDICATES DATA IS MISSING.
T INDICATES TRACE AMOUNT.
$$