000
CXUS51 KPHI 011927
CLM55N
CLIMATE REPORT
NATIONAL WEATHER SERVICE MOUNT HOLLY NJ
327 PM EDT MON APR 01 2024
...................................
...THE ATLANTIC CITY MARINA NJ CLIMATE SUMMARY FOR THE MONTH OF MARCH 2024...
CLIMATE NORMAL PERIOD: 1991 TO 2020
CLIMATE RECORD PERIOD: 1873 TO 2024
WEATHER OBSERVED NORMAL DEPART LAST YEAR`S
VALUE DATE(S) VALUE FROM VALUE
NORMAL
..............................................................
TEMPERATURE (F)
RECORD
HIGH 86 03/13/1990
LOW 8 03/21/1885
03/04/1884
03/01/1884
HIGHEST 72 03/15 MM MM 62
LOWEST 32 03/21 MM MM 31
03/22
03/24
AVG. MAXIMUM 53.8 48.4 5.4 51.5
AVG. MINIMUM 41.2 36.9 4.3 39.1
MEAN 47.5 42.6 4.9 45.3
DAYS MAX >= 90 0 0.0 0.0 0
DAYS MAX <= 32 0 0.5 -0.5 0
DAYS MIN <= 32 3 8.3 -5.3 3
DAYS MIN <= 0 0 0.0 0.0 0
PRECIPITATION (INCHES)
RECORD
MAXIMUM 9.41 2010
MINIMUM 0.32 2006
TOTALS 7.92 4.27 3.65 1.69
DAILY AVG. 0.26 0.14 0.12 0.05
DAYS >= .01 11 10.9 0.1 11
DAYS >= .10 9 6.9 2.1 7
DAYS >= .50 6 3.0 3.0 0
DAYS >= 1.00 4 1.1 2.9 0
GREATEST
24 HR. TOTAL 1.74 03/28 TO 03/28 0.36
DEGREE DAYS
HEATING TOTAL 534 693 -159 600
SINCE 7/1 3317 3831 -514 MM
COOLING TOTAL 0 0 0 0
SINCE 1/1 0 0 0 MM
..............................................................
WIND (MPH)
AVERAGE WIND SPEED 9.8
HIGHEST WIND SPEED/DIRECTION 29/290 DATE 03/10
- INDICATES NEGATIVE NUMBERS.
R INDICATES RECORD WAS SET OR TIED.
MM INDICATES DATA IS MISSING.
T INDICATES TRACE AMOUNT.
$$