000
CXUS55 KVEF 031005
CLMEED
CLIMATE REPORT
NATIONAL WEATHER SERVICE LAS VEGAS, NV
305 AM PDT WED APR 03 2024
...................................
...THE NEEDLES CA CLIMATE SUMMARY FOR THE MONTH OF MARCH 2024...
CLIMATE NORMAL PERIOD: 1991 TO 2020
CLIMATE RECORD PERIOD: 1888 TO 2024
WEATHER OBSERVED NORMAL DEPART
VALUE DATE(S) VALUE FROM
NORMAL
................................................
TEMPERATURE (F)
RECORD
HIGH 99 03/17/2007
LOW 29 03/16/1917
HIGHEST 86 03/21
03/22
LOWEST 44 03/17
AVG. MAXIMUM 75.0 79.1 -4.1
AVG. MINIMUM 52.2 54.1 -1.9
MEAN 63.6 66.6 -3.0
DAYS MAX >= 90 0 3.3 -3.3
DAYS MAX <= 32 0 0.0 0.0
DAYS MIN <= 32 0 0.0 0.0
DAYS MIN <= 0 0 0.0 0.0
PRECIPITATION (INCHES)
RECORD
MAXIMUM 3.19 1992
MINIMUM 0.00 1999
TOTALS 0.81 0.51 0.30
DAILY AVG. 0.03 0.02 0.01
DAYS >= .01 6 2.9 3.1
DAYS >= .10 3 1.2 1.8
DAYS >= .50 0 0.3 -0.3
DAYS >= 1.00 0 0.0 0.0
GREATEST
24 HR. TOTAL 0.47 03/30 TO 03/30
DEGREE DAYS
HEATING TOTAL 77 62 15
SINCE 7/1 907 927 -20
COOLING TOTAL 44 112 -68
SINCE 1/1 50 132 -82
FREEZE DATES
RECORD
EARLIEST MM
LATEST MM
EARLIEST 12/19
LATEST 01/04
................................................
WIND (MPH)
AVERAGE WIND SPEED 8.4
HIGHEST WIND SPEED/DIRECTION 35/360 DATE 03/14
HIGHEST GUST SPEED/DIRECTION 47/270 DATE 03/30
SKY COVER
POSSIBLE SUNSHINE (PERCENT) MM
AVERAGE SKY COVER 0.15
NUMBER OF DAYS FAIR 25
NUMBER OF DAYS PC 5
NUMBER OF DAYS CLOUDY 1
AVERAGE RH (PERCENT) 40
WEATHER CONDITIONS. NUMBER OF DAYS WITH
THUNDERSTORM 2 MIXED PRECIP 0
HEAVY RAIN 1 RAIN 3
LIGHT RAIN 6 FREEZING RAIN 0
LT FREEZING RAIN 0 HAIL 0
HEAVY SNOW 0 SLEET 0
FOG 3 FOG W/VIS <= 1/4 MILE 0
HAZE 0
- INDICATES NEGATIVE NUMBERS.
R INDICATES RECORD WAS SET OR TIED.
MM INDICATES DATA IS MISSING.
T INDICATES TRACE AMOUNT.
$$