000
CXUS51 KALY 010945 CCA
CLSALB

CLIMATE REPORT - CORRECTED
NATIONAL WEATHER SERVICE ALBANY NY
539 AM EDT FRI JUN 1 2018

...................................

...THE ALBANY NY CLIMATE SUMMARY FOR THE SEASON, FROM
3/1/2018 TO 5/31/2018...

CLIMATE NORMAL PERIOD 1981 TO 2010
CLIMATE RECORD PERIOD 1874 TO 2018

WEATHER         OBSERVED          NORMAL  DEPART  LAST YEAR`S
                 VALUE   DATE(S)  VALUE   FROM    VALUE  DATE(S)
                                          NORMAL
................................................................
TEMPERATURE (F)
RECORD
 HIGH              97   05/22/1911
 LOW              -21   03/06/1948
HIGHEST            90   05/02                         94  05/18
LOWEST              7   03/18                          5  03/05
AVG. MAXIMUM     55.6              57.4    -1.8     56.9
AVG. MINIMUM     37.3              36.7     0.6     37.9
MEAN             46.5              47.0    -0.5     47.4
DAYS MAX >= 90      1               0.4     0.6        2
DAYS MAX <= 32      2               3.7    -1.7        8
DAYS MIN <= 32     44              31.4    12.6       25
DAYS MIN <= 0       0               0.3    -0.3        0

PRECIPITATION (INCHES)
RECORD
 MAXIMUM        19.54   1983
 MINIMUM         3.46   1860
TOTALS           8.87              9.99   -1.12    12.93
DAILY AVG.       0.10              0.11   -0.01     0.14
DAYS >= .01        36              37.1    -1.1       45
DAYS >= .10        25              21.2     3.8       26
DAYS >= .50         6               6.8    -0.8        9
DAYS >= 1.00        3               1.6     1.4        2
GREATEST
 24 HR. TOTAL    1.24   04/16 TO 04/16

SNOWFALL (INCHES)
RECORDS
 24 HR TOTAL     30.4   03/12/1888 TO 03/12/1888
 SNOW DEPTH        28   03/28/1993
TOTALS           38.4              13.4    25.0     19.6
SNOWDEPTH AVG.      2
DAYS >= TRACE      30               6.9    23.1
DAYS >= 1.0         5               3.0     2.0
GREATEST
 SNOW DEPTH        14   03/14                         15  03/15
 24 HR TOTAL     11.9

DEGREE_DAYS
HEATING TOTAL    1744              1684      60
 SINCE 7/1       6286              6628    -342
COOLING TOTAL      70                30      40
 SINCE 1/1         70                30      40

FREEZE DATES
RECORD
 EARLIEST     09/24/1963
 LATEST       05/27/1969
EARLIEST                        10/10
LATEST                          04/28
.................................................................

WIND (MPH)
AVERAGE WIND SPEED              8.7
HIGHEST WIND SPEED/DIRECTION    36/290    DATE  05/04
HIGHEST GUST SPEED/DIRECTION    51/310    DATE  04/05


WEATHER CONDITIONS. NUMBER OF DAYS WITH
THUNDERSTORM              3     MIXED PRECIP               0
HEAVY RAIN                2     RAIN                       9
LIGHT RAIN               36     FREEZING RAIN              0
LT FREEZING RAIN          2     HAIL                       0
HEAVY SNOW                3     SNOW                       7
LIGHT SNOW               24     SLEET                      3
FOG                      33     FOG W/VIS <= 1/4 MILE      5
HAZE                      2

-  INDICATES NEGATIVE NUMBERS.
R  INDICATES RECORD WAS SET OR TIED.
MM INDICATES DATA IS MISSING.
T  INDICATES TRACE AMOUNT.

$$
