000
CXUS51 KBGM 011521 CCA
CLSAVP

CLIMATE REPORT...CORRECTION
NATIONAL WEATHER SERVICE BINGHAMTON NY
1123 AM EDT FRI JUN 1 2018

...................................

...THE AVOCA PA CLIMATE SUMMARY FOR THE SEASON, FROM
3/1/2018 TO 5/31/2018...

CLIMATE NORMAL PERIOD 1981 TO 2010
CLIMATE RECORD PERIOD 1901 TO 2018

WEATHER         OBSERVED          NORMAL  DEPART  LAST YEAR`S
                 VALUE   DATE(S)  VALUE   FROM    VALUE  DATE(S)
                                          NORMAL
................................................................
TEMPERATURE (F)
RECORD
 HIGH              97   05/30/1895
 LOW               -4   03/19/1967
HIGHEST            89   05/29        58      31       90  05/18
                        05/03                             05/17
LOWEST             19   03/25        38     -19        8  03/05
AVG. MAXIMUM     56.8              58.3    -1.5     59.3
AVG. MINIMUM     38.8              37.8     1.0     40.3
MEAN             47.8              48.1    -0.3     49.8
DAYS MAX >= 90      0               0.3    -0.3        2
DAYS MAX <= 32      1               2.9    -1.9        5
DAYS MIN <= 32     42              28.6    13.4       22
DAYS MIN <= 0       0               0.0     0.0        0

PRECIPITATION (INCHES)
RECORD
 MAXIMUM        16.12   1983
 MINIMUM         4.89   1995
TOTALS          12.24              9.40    2.84    12.10
DAILY AVG.       0.13              0.10    0.03     0.13
DAYS >= .01        45              37.3     7.7       39
DAYS >= .10        26              21.6     4.4       22
DAYS >= .50         8               5.9     2.1        7
DAYS >= 1.00        2               1.7     0.3        2
GREATEST
 24 HR. TOTAL    1.61  05/22 TO 05/23

SNOWFALL (INCHES)
RECORDS
 TOTAL           34.9   1967
 24 HR TOTAL     22.1   03/14/2017 TO 03/14/2017
TOTALS           24.8              12.3    12.5     30.7
SINCE 7/1        51.9              46.2     5.7     54.8
DAYS >= TRACE      25               6.7    18.3       14
DAYS >= 1.0         8               2.9     5.1        3
GREATEST
 24 HR TOTAL      8.5   03/02 TO 03/02

DEGREE_DAYS
HEATING TOTAL    1641              1595      46     1436
 SINCE 7/1       5832              6201    -369     5191
COOLING TOTAL      85                37      48       52
 SINCE 1/1         85                37      48       52

FREEZE DATES
RECORD
 EARLIEST     09/21/1956
 LATEST       05/25/1956
EARLIEST                        10/15
LATEST                          04/26
.................................................................

WIND (MPH)
AVERAGE WIND SPEED              7.1
RESULTANT WIND SPEED/DIRECTION   2/314
HIGHEST WIND SPEED/DIRECTION    44/310    DATE  05/15
HIGHEST GUST SPEED/DIRECTION    65/300    DATE  05/15

SKY COVER
POSSIBLE SUNSHINE (PERCENT)   MM
AVERAGE SKY COVER           0.60
NUMBER OF DAYS FAIR           28
NUMBER OF DAYS PC             28
NUMBER OF DAYS CLOUDY         36

AVERAGE RH (PERCENT)     67

WEATHER CONDITIONS. NUMBER OF DAYS WITH
THUNDERSTORM              4      MIXED PRECIP             0
HEAVY RAIN               13      RAIN                    17
LIGHT RAIN               38      FREEZING RAIN            0
LT FREEZING RAIN          0      HAIL                     0
HEAVY SNOW                3      SNOW                     8
LIGHT SNOW               23      SLEET                    0
FOG                      52      FOG W/VIS <= 1/4 MILE    8
HAZE                     17

-  INDICATES NEGATIVE NUMBERS.
R  INDICATES RECORD WAS SET OR TIED.
MM INDICATES DATA IS MISSING.
T  INDICATES TRACE AMOUNT.

&&
CORRECTED GREATEST 24 HOUR PRECIPITATION TOTAL
8TH GREATEST SNOWFALL MARCH TO MAY
12TH GREATEST PRECIPITATION MARCH TO MAY
$$

TAC
