000
CXUS53 KBIS 011720
CLSBIS

CLIMATE REPORT
NATIONAL WEATHER SERVICE BISMARCK ND
1136 AM CDT FRI JUN 1 2018

...................................

...THE BISMARCK ND CLIMATE SUMMARY FOR THE SEASON, FROM
3/1/2018 TO 5/31/2018...

CLIMATE NORMAL PERIOD 1981 TO 2010
CLIMATE RECORD PERIOD 1875 TO 2018

WEATHER         OBSERVED          NORMAL  DEPART  LAST YEAR`S
                 VALUE   DATE(S)  VALUE   FROM    VALUE  DATE(S)
                                          NORMAL
................................................................
TEMPERATURE (F)
RECORD
 HIGH             102   05/30/1934
                        05/28/1934
 LOW              -36   03/15/1897
HIGHEST            93   05/26        MM      MM       90  05/07
LOWEST             -5   03/08        MM      MM       -7  03/13
AVG. MAXIMUM     53.1              55.3    -2.2     57.5
AVG. MINIMUM     29.7              30.9    -1.2     31.3
MEAN             41.4              43.1    -1.7     44.4
DAYS MAX >= 90      2               0.5     1.5        1
DAYS MAX <= 32     15               9.0     6.0       10
DAYS MIN <= 32     54              49.4     4.6       47
DAYS MIN <= 0       2               2.4    -0.4        2

PRECIPITATION (INCHES)
RECORD
 MAXIMUM         11.78  1876
 MINIMUM          0.80  1952
TOTALS           3.79              4.53   -0.74     1.73
DAILY AVG.       0.04              0.05   -0.01     0.02
DAYS >= .01        28              25.4     2.6       19
DAYS >= .10        12              11.3     0.7        6
DAYS >= .50         2               2.2    -0.2        0
DAYS >= 1.00        0               0.5    -0.5        0
GREATEST
 24 HR. TOTAL    0.57   MM                       05/31 TO 05/31

                                                          05/31 TO
05/31EATHER         OBSERVED          NORMAL  DEPART  LAST YEAR`S

SNOWFALL (INCHES)

TOTALS           26.3              13.7

DEGREE_DAYS
HEATING TOTAL    2219
COOLING TOTAL      72
.................................................................

WIND (MPH)
HIGHEST WIND SPEED/DIRECTION    36/330    DATE  05/27
HIGHEST GUST SPEED/DIRECTION    49/330    DATE  05/27



-  INDICATES NEGATIVE NUMBERS.
R  INDICATES RECORD WAS SET OR TIED.
MM INDICATES DATA IS MISSING.
T  INDICATES TRACE AMOUNT.
...................................
