000
CXUS53 KDVN 011413
CLSBRL


CLIMATE REPORT
NATIONAL WEATHER SERVICE QUAD CITIES IA IL
855 AM CDT FRI JUN 1 2018

...................................

...THE BURLINGTON IA CLIMATE SUMMARY FOR THE SEASON, FROM
3/1/2018 TO 5/31/2018...

CLIMATE NORMAL PERIOD 1981 TO 2010
CLIMATE RECORD PERIOD 1897 TO 2018

WEATHER         OBSERVED          NORMAL  DEPART
                 VALUE   DATE(S)  VALUE   FROM
                                          NORMAL
................................................
TEMPERATURE (F)
RECORD
 HIGH             103   05/31/1934
 LOW              -13   03/05/1960
HIGHEST            98   05/27        79      19
LOWEST             14   04/02        26     -12
AVG. MAXIMUM     61.8              63.5    -1.7
AVG. MINIMUM     40.8              42.5    -1.7
MEAN             51.3              53.0    -1.7
DAYS MAX >= 90      3
DAYS MAX <= 32      1
DAYS MIN <= 32     38
DAYS MIN <= 0       0

PRECIPITATION (INCHES)
TOTALS           6.65             11.40   -4.75
DAILY AVG.       0.07              0.12   -0.05
DAYS >= .01        31
DAYS >= .10        16
DAYS >= .50         5
DAYS >= 1.00        0
GREATEST
 24 HR. TOTAL    1.15   03/23 TO 03/24

DEGREE_DAYS
HEATING TOTAL    1444              1209     235
 SINCE 7/1       5937              5587     350
COOLING TOTAL     212               104     108
 SINCE 1/1        212               103     109
.................................................

WIND (MPH)
AVERAGE WIND SPEED              9.2
HIGHEST WIND SPEED/DIRECTION    29/060    DATE  04/14
HIGHEST GUST SPEED/DIRECTION    39/270    DATE  03/31

SKY COVER
POSSIBLE SUNSHINE (PERCENT)   MM
AVERAGE SKY COVER           0.40
NUMBER OF DAYS FAIR           50
NUMBER OF DAYS PC             26
NUMBER OF DAYS CLOUDY         16

AVERAGE RH (PERCENT)     63

WEATHER CONDITIONS. NUMBER OF DAYS WITH
THUNDERSTORM             14     HAIL                       0
SLEET                     0     FOG                       39
FOG W/VIS <= 1/4 MILE     5     HAZE                      22

-  INDICATES NEGATIVE NUMBERS.
R  INDICATES RECORD WAS SET OR TIED.
MM INDICATES DATA IS MISSING.
T  INDICATES TRACE AMOUNT.

$$
