000
CXUS51 KCAR 090053 RRB
CLSCAR

CLIMATE REPORT
NATIONAL WEATHER SERVICE CARIBOU, ME
850 PM EDT FRI JUN 8 2018

...................................

...THE CARIBOU ME CLIMATE SUMMARY FOR THE SEASON, FROM
3/1/2018 TO 5/31/2018...

CLIMATE NORMAL PERIOD 1981 TO 2010
CLIMATE RECORD PERIOD 1939 TO 2018

WEATHER         OBSERVED          NORMAL  DEPART  LAST YEAR`S
                 VALUE   DATE(S)  VALUE   FROM    VALUE  DATE(S)
                                          NORMAL
................................................................
TEMPERATURE (F)
RECORD
 HIGH              96   05/22/1977
 LOW              -28   03/02/2001
HIGHEST            87   05/31        MM      MM       90  05/18
LOWEST              2   03/17        MM      MM      -11  03/11
AVG. MAXIMUM     49.1              48.1     1.0     46.9
AVG. MINIMUM     29.1              28.4     0.7     29.2
MEAN             39.1              38.2     0.9     38.0
DAYS MAX >= 90      0               0.1    -0.1        1
DAYS MAX <= 32     11              12.8    -1.8       17
DAYS MIN <= 32     55              52.0     3.0       44
DAYS MIN <= 0       0               4.1    -4.1        4

PRECIPITATION (INCHES)
RECORD
 MAXIMUM        14.29   2005
 MINIMUM         4.11   1965
TOTALS           9.65              8.50    1.15    10.95
DAILY AVG.       0.11              0.09    0.02     0.12
DAYS >= .01        37              39.4    -2.4       47
DAYS >= .10        22              21.8     0.2       28
DAYS >= .50         6               5.0     1.0        7
DAYS >= 1.00        1               0.8     0.2        1
GREATEST
 24 HR. TOTAL    1.00   MM                       05/31 TO 05/31
                                                          05/31 TO 05/31EATHER         OBSERVED          NORMAL  DEPART  LAST YEAR`S
                                                          05/31 TO 05/31EATHER         OBSERVED          NORMAL  DEPART  LAST YEAR`S

SNOWFALL (INCHES)
RECORDS
 TOTAL           65.1   1961
TOTALS           34.9              26.2     8.7     33.4
SINCE 7/1       137.2             108.7    28.5    130.0
SNOWDEPTH AVG.     14                MM      MM       11
DAYS >= 1.0         8               6.9     1.1       11
GREATEST
 SNOW DEPTH        35   03/16                         29  03/29
                        03/15
 24 HR TOTAL      7.9   MM                       05/31 TO 05/31
                                                          05/31 TO 05/31EATHER         OBSERVED          NORMAL  DEPART  LAST YEAR`S
                                                          05/31 TO 05/31EATHER         OBSERVED          NORMAL  DEPART  LAST YEAR`S

DEGREE_DAYS
HEATING TOTAL    2357              2468    -111     2467
 SINCE 7/1         MM              9189      MM       MM
COOLING TOTAL       4                 5      -1        6
 SINCE 1/1          4                 5      -1        6
.................................................................

WIND (MPH)
AVERAGE WIND SPEED              8.4
HIGHEST WIND SPEED/DIRECTION    29/240    DATE  05/05
HIGHEST GUST SPEED/DIRECTION    41/250    DATE  04/05

SKY COVER
POSSIBLE SUNSHINE (PERCENT)   MM
AVERAGE SKY COVER           0.50
NUMBER OF DAYS FAIR           33
NUMBER OF DAYS PC             28
NUMBER OF DAYS CLOUDY         31

AVERAGE RH (PERCENT)     61

WEATHER CONDITIONS. NUMBER OF DAYS WITH
  0
 12
  2
  0
  8
  1
  9
HAZE                      9

-  INDICATES NEGATIVE NUMBERS.
R  INDICATES RECORD WAS SET OR TIED.
MM INDICATES DATA IS MISSING.
T  INDICATES TRACE AMOUNT.
-----------------------------------------------------------------------------------------

...SPRING SEASON CLIMATE NARRATIVE FOR NORTHERN AND EASTERN MAINE...

THE METEOROLOGICAL SPRING OF 2018 COMPRISING THE 3-MONTH PERIOD
OF MARCH THROUGH MAY FINISHED WITH ABOVE AVERAGE TEMPERATURES AND
SNOWFALL. PRECIPITATION WAS MORE VARIABLE, BUT IN MOST AREAS WAS
ABOVE AVERAGE.

A TOTAL OF 35.3 INCHES OF SNOW WAS OBSERVED AT BANGOR, WHICH MADE
IT THE 6TH SNOWIEST SPRING ON RECORD. AT CARIBOU, A TOTAL OF 34.9
INCHES OF SNOW WAS OBSERVED, AND THIS RANKED AS THE 21ST SNOWIEST
SPRING ON RECORD. TEMPERATURES AS A WHOLE WERE ABOVE AVERAGE, AND
IT RANKED AS THE 16TH WARMEST SPRING ON RECORD AT CARIBOU AND THE
23RD WARMEST AT BANGOR.

MARCH GOT OFF TO A VERY MILD START WITH ABOVE AVERAGE TEMPERATURES
THE FIRST HALF OF THE MONTH DUE TO VERY MILD LOW TEMPERATURES.
TEMPERATURES WERE MUCH COLDER THE SECOND HALF OF THE MONTH, AND IN
FACT AVERAGED ABOUT 4 DEGREES COLDER THAN THE FIRST HALF OF THE
MONTH. THERE WERE 2 MAJOR SNOWSTORMS IN MARCH. THE FIRST, ON MARCH
7-8 PRODUCED WIDESPREAD TOTALS OF 8 TO 14 INCHES ACROSS THE
REGION. THE SECOND, ON MARCH 13-14, WAS THE BIGGEST OF THE WINTER
ACROSS MOST OF THE DOWNEAST REGION AND CENTRAL HIGHLANDS WITH 18
TO 25 INCHES WITH LOCAL AMOUNTS AS HIGH AS 30 INCHES AROUND BANGOR
AND CENTRAL PISCATAQUIS COUNTY. THE SNOW PACK AT THE END OF THE
MONTH RANGED FROM 18 TO 25 INCHES ACROSS CENTRAL AND NORTHERN
AREAS, AND FROM A TRACE TO 10 INCHES ACROSS THE DOWNEAST REGION.

APRIL STARTED VERY COLD WITH BELOW AVERAGE TEMPERATURES THE FIRST
HALF OF THE MONTH. THE FIRST HALF OF THE MONTH RANKED AS THE 3RD
COLDEST ON RECORD AT HOULTON, THE 4TH COLDEST AT MILLINOCKET, 5TH
COLDEST AT CARIBOU, AND THE 7TH COLDEST AT BANGOR. TEMPERATURES
WERE MUCH MILDER THE 2ND HALF OF THE MONTH. THE FIRST 60 DEGREE
TEMPERATURES OF THE SEASON WHERE OBSERVED FROM CARIBOU SOUTH TO
BANGOR ON THE 23RD. IT WAS THE 3RD WETTEST APRIL ON RECORD AT
CARIBOU AND THE 16TH WETTEST ON RECORD AT BANGOR. AT THE END OF
APRIL, THERE WAS STILL 12 TO 18 INCHES OF SNOW ON THE GROUND IN
PARTS OF THE NORTH WOODS, WITH PATCHES OF SNOW EAST INTO NORTHEAST
AROOSTOOK COUNTY.

MAY FINISHED WITH ABOVE AVERAGE TEMPERATURES AND BELOW NORMAL
PRECIPITATION. THE MONTH FEATURED LARGE DIURNAL RANGES FROM THE
HIGH AND LOW TEMPERATURES WITH FREQUENT COOL AND WARM SPELLS. THE
WARMEST DAY WAITED UNTIL THE 31ST WITH SOME LOCATIONS EXCEEDING 90
DEGREES. ALTHOUGH TEMPERATURES AS A WHOLE WHERE ABOVE AVERAGE,
THE AIR MASS WAS VERY DRY, WHICH FREQUENT OCCURRENCE OF FROSTS AND
BELOW FREEZING TEMPERATURES DEEP INTO THE MONTH. THERE WERE 6
NIGHTS WITH A LOW OF 32 DEGREES OR LOWER AT CARIBOU, THE MOST
SINCE 2007. PRECIPITATION WAS ONLY 55 TO 70 PERCENT OF AVERAGE
WITH LENGTHY PERIODS WITH NO SIGNIFICANT RAINFALL. NO SEVERE
THUNDERSTORMS WERE OBSERVED DURING THE MONTH OF MAY.

$$

CB/VJN
