000
CXUS53 KPAH 020036
CLSCGI

CLIMATE REPORT
NATIONAL WEATHER SERVICE PADUCAH KY
731 PM CDT FRI JUN 1 2018

...................................

...THE CAPE GIRARDEAU MO CLIMATE SUMMARY FOR THE SEASON, FROM
3/1/2018 TO 5/31/2018...

CLIMATE NORMAL PERIOD 1981 TO 2010
CLIMATE RECORD PERIOD 1960 TO 2018

WEATHER         OBSERVED          NORMAL  DEPART
                 VALUE   DATE(S)  VALUE   FROM
                                          NORMAL
................................................
TEMPERATURE (F)
RECORD
 HIGH              97   05/24/1996
 LOW               -8   03/06/2015
HIGHEST            92   05/27        MM      MM
LOWEST             25   03/14        MM      MM
AVG. MAXIMUM     68.0              68.2    -0.2
AVG. MINIMUM     46.6              45.7     0.9
MEAN             57.3              57.0     0.3
DAYS MAX >= 90      3               1.1     1.9
DAYS MAX <= 32      0               0.4    -0.4
DAYS MIN <= 32     18              14.6     3.4
DAYS MIN <= 0       0               0.0     0.0

PRECIPITATION (INCHES)
RECORD
 MAXIMUM        34.79   1973
 MINIMUM         5.24   2012
TOTALS          15.42             14.22    1.20
DAILY AVG.       0.16              0.15    0.01
DAYS >= .01        32              33.9    -1.9
DAYS >= .10        23              22.3     0.7
DAYS >= .50        11               9.1     1.9
DAYS >= 1.00        7               3.7     3.3
GREATEST
 24 HR. TOTAL    1.47   MM
 STORM TOTAL       MM
 (MM/DD(HH))            MM

SNOWFALL (INCHES)
RECORDS
 TOTAL              T   2011
 24 HR TOTAL        T   MM
TOTALS            0.0               1.2    -1.2
 LIQUID EQUIV    0.00              0.10   -0.10
SINCE 7/1         0.0              11.4   -11.4
 LIQUID 7/1      0.00
DAYS >= TRACE       0               1.2    -1.2
DAYS >= 1.0         0               0.3    -0.3
GREATEST
 SNOW DEPTH         0   MM
 24 HR TOTAL      0.0   MM
 STORM TOTAL       MM
 (MM/DD(HH))            MM

DEGREE_DAYS
HEATING TOTAL     978               889      89
 SINCE 7/1       4388              4386       2
COOLING TOTAL     302               152     150
 SINCE 1/1        302               152     150

FREEZE DATES
RECORD
 EARLIEST     MM
 LATEST       MM
EARLIEST                        MM
LATEST                          MM
.................................................

WIND (MPH)
AVERAGE WIND SPEED              8.5
HIGHEST WIND SPEED/DIRECTION    45/280    DATE  04/03
HIGHEST GUST SPEED/DIRECTION    63/360    DATE  03/24

SKY COVER
POSSIBLE SUNSHINE (PERCENT)   MM
AVERAGE SKY COVER           0.40
NUMBER OF DAYS FAIR           42
NUMBER OF DAYS PC             30
NUMBER OF DAYS CLOUDY         20

AVERAGE RH (PERCENT)     69

WEATHER CONDITIONS. NUMBER OF DAYS WITH
THUNDERSTORM             23     MIXED PRECIP               0
HEAVY RAIN               15     RAIN                      24
LIGHT RAIN               35     FREEZING RAIN              0
LT FREEZING RAIN          0     HAIL                       0
HEAVY SNOW                0     SNOW                       0
LIGHT SNOW                4     SLEET                      0
FOG                      41     FOG W/VIS <= 1/4 MILE      7
HAZE                      8

-  INDICATES NEGATIVE NUMBERS.
R  INDICATES RECORD WAS SET OR TIED.
MM INDICATES DATA IS MISSING.
T  INDICATES TRACE AMOUNT.

$$
