000
CXUS53 KDDC 011610
CLSDDC


CLIMATE REPORT
NATIONAL WEATHER SERVICE DODGE CITY KS
1058 AM CDT FRI JUN 1 2018

...................................

...THE DODGE CITY KS CLIMATE SUMMARY FOR THE SEASON, FROM
3/1/2018 TO 5/31/2018...

CLIMATE NORMAL PERIOD 1981 TO 2010
CLIMATE RECORD PERIOD 1875 TO 2018

WEATHER         OBSERVED          NORMAL  DEPART  LAST YEAR`S
                 VALUE   DATE(S)  VALUE   FROM    VALUE  DATE(S)
                                          NORMAL
................................................................
TEMPERATURE (F)
RECORD
 HIGH             106   05/29/2011
 LOW              -15   03/11/1948
HIGHEST            98   05/26        MM      MM       94  03/19
LOWEST             16   04/07        MM      MM       17  03/02
                        04/06
                        03/12
AVG. MAXIMUM     72.3              67.4     4.9     69.2
AVG. MINIMUM     40.6              40.9    -0.3     42.1
MEAN             56.5              54.2     2.3     55.7
DAYS MAX >= 90     17               3.7    13.3        2
DAYS MAX <= 32      0               1.4    -1.4        0
DAYS MIN <= 32     30              22.0     8.0       15
DAYS MIN <= 0       0               0.1    -0.1        0

PRECIPITATION (INCHES)
RECORD
 MAXIMUM        15.70   1881
 MINIMUM         1.35   1893
TOTALS           4.33              6.26   -1.93    14.86
DAILY AVG.       0.04              0.07   -0.03     0.16
DAYS >= .01        18              22.5    -4.5       26
DAYS >= .10        10              12.6    -2.6       18
DAYS >= .50         3               4.2    -1.2       11
DAYS >= 1.00        0               1.2    -1.2        6
GREATEST
 24 HR. TOTAL    1.26   05/28 TO 05/29           04/01 TO 04/01

SNOWFALL (INCHES)
RECORDS
 TOTAL           25.8   1970
 24 HR TOTAL     13.3   03/16/1924
 SNOW DEPTH        14   03/13/1999
                        03/26/1957
                        03/25/1957
TOTALS            2.2               6.0    -3.8      2.5
 LIQUID EQUIV    0.22              0.60   -0.38     0.25
SINCE 7/1         3.6              21.1   -17.5      7.5
 LIQUID 7/1      0.36              2.10   -1.74     0.75
SNOWDEPTH AVG.      0                MM      MM        0
DAYS >= TRACE       5               2.9     2.1        2
DAYS >= 1.0         2               1.6     0.4        1
GREATEST
 SNOW DEPTH         1   04/07                          0  MM
                        03/19
 24 HR TOTAL      1.2   04/06 TO 04/07           04/01 TO 04/01

DEGREE_DAYS
HEATING TOTAL    1020              1107     -87      936
 SINCE 7/1       4676              4954    -278     4113
COOLING TOTAL     264               109     155      102
 SINCE 1/1        264               109     155      102
.................................................................

WIND (MPH)
AVERAGE WIND SPEED              14.1
RESULTANT WIND SPEED/DIRECTION   2/156
HIGHEST WIND SPEED/DIRECTION    48/310    DATE  04/17
HIGHEST GUST SPEED/DIRECTION    66/310    DATE  04/17

SKY COVER
POSSIBLE SUNSHINE (PERCENT)   MM
AVERAGE SKY COVER           0.20
NUMBER OF DAYS FAIR           65
NUMBER OF DAYS PC             23
NUMBER OF DAYS CLOUDY          4

AVERAGE RH (PERCENT)     55


-  INDICATES NEGATIVE NUMBERS.
R  INDICATES RECORD WAS SET OR TIED.
MM INDICATES DATA IS MISSING.
T  INDICATES TRACE AMOUNT.

$$
