000
CXUS51 KALY 010949 CCA
CLSDDH

CLIMATE REPORT - CORRECTED
NATIONAL WEATHER SERVICE ALBANY NY
539 AM EDT FRI JUN 1 2018

...................................

...THE BENNINGTON VT CLIMATE SUMMARY FOR THE SEASON, FROM
3/1/2018 TO 5/31/2018...

CLIMATE NORMAL PERIOD 1981 TO 2010
CLIMATE RECORD PERIOD 9999 TO 9999

WEATHER         OBSERVED          NORMAL  DEPART
                 VALUE   DATE(S)  VALUE   FROM
                                          NORMAL
..................................................
TEMPERATURE (F)
HIGHEST            87   05/02
LOWEST              3   03/18
AVG. MAXIMUM     54.2              55.8    -1.6
AVG. MINIMUM     34.4              33.4     1.0
MEAN             44.3              44.6    -0.3
DAYS MAX >= 90      0               0.3    -0.3
DAYS MAX <= 32      3               4.2    -1.2
DAYS MIN <= 32     47              42.5     4.5
DAYS MIN <= 0       0               0.6    -0.6

PRECIPITATION (INCHES)
TOTALS           6.91             10.08   -3.17
DAILY AVG.       0.08              0.11   -0.03
DAYS >= .01        38
DAYS >= .10        25
DAYS >= .50         2
DAYS >= 1.00        0
GREATEST
 24 HR. TOTAL    0.70   03/02 TO 03/02

DEGREE_DAYS
HEATING TOTAL    1875              1888     -13
 SINCE 7/1       6702              7139    -437
COOLING TOTAL      27                13      14
 SINCE ALBCLMDDH 000
TTAA00 KALY 010943

1/1         27                14      13

FREEZE DATES
EARLIEST                        10/01
LATEST                          05/10
.................................................................

WIND (MPH)
AVERAGE WIND SPEED              5.8
HIGHEST WIND SPEED/DIRECTION    36/190    DATE  05/04
HIGHEST GUST SPEED/DIRECTION    53/290    DATE  05/04


WEATHER CONDITIONS. NUMBER OF DAYS WITH
THUNDERSTORM              1     MIXED PRECIP               0
HEAVY RAIN                1     RAIN                      10
LIGHT RAIN               32     FREEZING RAIN              1
LT FREEZING RAIN          1     HAIL                       0
HEAVY SNOW                2     SNOW                       6
LIGHT SNOW               23     SLEET                      0
FOG                      39     FOG W/VIS <= 1/4 MILE      5
HAZE                     14

-  INDICATES NEGATIVE NUMBERS.
R  INDICATES RECORD WAS SET OR TIED.
MM INDICATES DATA IS MISSING.
T  INDICATES TRACE AMOUNT.

$$
