000
CXUS55 KLKN 032011
CLSEKO


CLIMATE REPORT
NATIONAL WEATHER SERVICE ELKO NV
1248 PM PDT SUN JUN 3 2018

...................................

...THE ELKO AIRPORT NV CLIMATE SUMMARY FOR THE SEASON, FROM
3/1/2018 TO 5/31/2018...

CLIMATE NORMAL PERIOD 1981 TO 2010
CLIMATE RECORD PERIOD 1888 TO 2018

WEATHER         OBSERVED          NORMAL  DEPART  LAST YEAR`S
                 VALUE   DATE(S)  VALUE   FROM    VALUE
                                          NORMAL
.............................................................
TEMPERATURE (F)
RECORD
 HIGH              97   05/28/2003
 LOW              -15   03/02/1890
HIGHEST            85   04/27        85       0       88
LOWEST              2   03/06        12     -10       19
                        03/05
AVG. MAXIMUM     61.2              60.1     1.1     62.8
AVG. MINIMUM     32.2              31.6     0.6     34.2
MEAN             46.7              45.8     0.9     48.5
DAYS MAX >= 90      0               0.3    -0.3       MM
DAYS MAX <= 32      2               0.5     1.5       MM
DAYS MIN <= 32     48              47.4     0.6       MM
DAYS MIN <= 0       0               0.0     0.0       MM

PRECIPITATION (INCHES)
RECORD
 MAXIMUM         6.60   1904
 MINIMUM         0.62   1924
TOTALS           5.17              2.93    2.24     3.17
DAILY AVG.       0.05              0.03    0.02     0.03
DAYS >= .01        30              25.7     4.3       MM
DAYS >= .10        15               9.9     5.1       MM
DAYS >= .50         2               0.6     1.4       MM
DAYS >= 1.00        0               0.0     0.0       MM

SNOWFALL (INCHES)
RECORDS
 TOTAL           38.5   1902
TOTALS           14.3               8.8     5.5      1.9
DAYS >= 1.0         5               3.4     1.6       MM

DEGREE_DAYS
HEATING TOTAL    1658              1767    -109     1498
COOLING TOTAL       1                 4      -3        4
..............................................................

WIND (MPH)
AVERAGE WIND SPEED              6.6
HIGHEST WIND SPEED/DIRECTION    47/260    DATE  04/07
HIGHEST GUST SPEED/DIRECTION    55/250    DATE  04/07

AVERAGE RH (PERCENT)     57

WEATHER CONDITIONS. NUMBER OF DAYS WITH
THUNDERSTORM             16     MIXED PRECIP               0
HEAVY RAIN                3     RAIN                      12
LIGHT RAIN               33     FREEZING RAIN              0
LT FREEZING RAIN          0     HAIL                       2
HEAVY SNOW                1     SNOW                       4
LIGHT SNOW               18     SLEET                      0
FOG                      27     FOG W/VIS <= 1/4 MILE      4
HAZE                      7

-  INDICATES NEGATIVE NUMBERS.
R  INDICATES RECORD WAS SET OR TIED.
MM INDICATES DATA IS MISSING.
T  INDICATES TRACE AMOUNT.

&&

=====================================================================

...6TH WETTEST SPRING ON RECORD IN ELKO...
...TIED 19TH SNOWIEST SPRING ON RECORD IN ELKO...




$$

LAM
