000
CXUS55 KLKN 032011
CLSELY


CLIMATE REPORT
NATIONAL WEATHER SERVICE ELKO NV
1248 PM PDT SUN JUN 3 2018

...................................

...THE ELY AIRPORT NV CLIMATE SUMMARY FOR THE SEASON, FROM
3/1/2018 TO 5/31/2018...

CLIMATE NORMAL PERIOD 1981 TO 2010
CLIMATE RECORD PERIOD 1893 TO 2018

WEATHER         OBSERVED          NORMAL  DEPART  LAST YEAR`S
                 VALUE   DATE(S)  VALUE   FROM    VALUE
                                          NORMAL
.............................................................
TEMPERATURE (F)
RECORD
 HIGH              95   05/31/1910
 LOW              -13   03/03/1952
HIGHEST            85   05/08        82       3       83
LOWEST             -2   03/04         3      -5        1
AVG. MAXIMUM     60.2              58.6     1.6     61.3
AVG. MINIMUM     28.2              27.7     0.5     28.4
MEAN             44.2              43.2     1.0     44.9
DAYS MAX >= 90      0               0.1    -0.1        0
DAYS MAX <= 32      1               0.8     0.2        1
DAYS MIN <= 32     63              64.0    -1.0       70
DAYS MIN <= 0       2               0.3     1.7        0

PRECIPITATION (INCHES)
RECORD
 MAXIMUM         6.80   1896
 MINIMUM         0.50   1910
TOTALS           2.90              2.98   -0.08     2.92
DAILY AVG.       0.03              0.03    0.00     0.03
DAYS >= .01        19              22.8    -3.8       20
DAYS >= .10        12               9.6     2.4        8
DAYS >= .50         0               0.9    -0.9        1
DAYS >= 1.00        0               0.0     0.0        0

SNOWFALL (INCHES)
RECORDS
 TOTAL           50.0   1964
TOTALS           18.4              15.8     2.6     18.4
DAYS >= 1.0         5               5.4    -0.4        5
GREATEST
 SNOW DEPTH         6   03/04                          7

DEGREE_DAYS
HEATING TOTAL    1894              2010    -116     1828
COOLING TOTAL       0                 1      -1        0
..............................................................

WIND (MPH)
AVERAGE WIND SPEED              10.4
HIGHEST WIND SPEED/DIRECTION    40/170    DATE  04/16
HIGHEST GUST SPEED/DIRECTION    58/180    DATE  04/16

AVERAGE RH (PERCENT)     51

WEATHER CONDITIONS. NUMBER OF DAYS WITH
THUNDERSTORM              7     MIXED PRECIP               0
HEAVY RAIN                2     RAIN                       3
LIGHT RAIN               27     FREEZING RAIN              1
LT FREEZING RAIN          0     HAIL                       0
HEAVY SNOW                3     SNOW                       5
LIGHT SNOW               16     SLEET                      0
FOG                      21     FOG W/VIS <= 1/4 MILE      4
HAZE                      2

-  INDICATES NEGATIVE NUMBERS.
R  INDICATES RECORD WAS SET OR TIED.
MM INDICATES DATA IS MISSING.
T  INDICATES TRACE AMOUNT.

$$

LAM
