000
CXUS53 KPAH 020039 CCA
CLSEVV

CLIMATE REPORT
NATIONAL WEATHER SERVICE PADUCAH KY
738 PM CDT FRI JUN 1 2018

...................................

...THE EVANSVILLE IN CLIMATE SUMMARY FOR THE SEASON, FROM
3/1/2018 TO 5/31/2018...

CLIMATE NORMAL PERIOD 1981 TO 2010
CLIMATE RECORD PERIOD 1896 TO 2018

WEATHER         OBSERVED          NORMAL  DEPART
                 VALUE   DATE(S)  VALUE   FROM
                                          NORMAL
................................................
TEMPERATURE (F)
RECORD
 HIGH              98   05/29/1911
                        05/28/1911
 LOW               -9   03/06/1960
HIGHEST            94   05/27        67      27
LOWEST             23   03/09        45     -22
AVG. MAXIMUM     66.0              67.1    -1.1
AVG. MINIMUM     46.1              44.8     1.3
MEAN             56.0              56.0     0.0
DAYS MAX >= 90      4               0.9     3.1
DAYS MAX <= 32      0               0.5    -0.5
DAYS MIN <= 32     21              15.2     5.8
DAYS MIN <= 0       0               0.0     0.0

PRECIPITATION (INCHES)
RECORD
 MAXIMUM        25.48   2008
 MINIMUM         4.04   1930
TOTALS          14.73             13.97    0.76
DAILY AVG.       0.16              0.15    0.01
DAYS >= .01        43              34.8     8.2
DAYS >= .10        26              22.7     3.3
DAYS >= .50        10               9.5     0.5
DAYS >= 1.00        2               3.6    -1.6
GREATEST
 24 HR. TOTAL    1.70   MM
 STORM TOTAL       MM
 (MM/DD(HH))            MM

SNOWFALL (INCHES)
TOTALS            4.1
 LIQUID EQUIV    0.41
SINCE 7/1        12.1
 LIQUID 7/1      1.21
SNOWDEPTH AVG.      0
DAYS >= TRACE       9
DAYS >= 1.0         2
GREATEST
 SNOW DEPTH         0   MM
 24 HR TOTAL      2.0   MM
 STORM TOTAL       MM
 (MM/DD(HH))            MM

DEGREE_DAYS
HEATING TOTAL    1091               967     124
 SINCE 7/1       4477              4541     -64
COOLING TOTAL     296               134     162
 SINCE 1/1        303               135     168

FREEZE DATES
RECORD
 EARLIEST     10/03/1974
 LATEST       05/10/1966
EARLIEST                        10/23
LATEST                          04/10
.................................................

WIND (MPH)
AVERAGE WIND SPEED              7.8
HIGHEST WIND SPEED/DIRECTION    35/230    DATE  03/06
HIGHEST GUST SPEED/DIRECTION    54/310    DATE  05/31

SKY COVER
POSSIBLE SUNSHINE (PERCENT)   MM
AVERAGE SKY COVER           0.40
NUMBER OF DAYS FAIR           41
NUMBER OF DAYS PC             32
NUMBER OF DAYS CLOUDY         19

AVERAGE RH (PERCENT)     70

WEATHER CONDITIONS. NUMBER OF DAYS WITH
THUNDERSTORM             19     MIXED PRECIP               0
HEAVY RAIN               14     RAIN                      24
LIGHT RAIN               41     FREEZING RAIN              0
LT FREEZING RAIN          0     HAIL                       0
HEAVY SNOW                0     SNOW                       2
LIGHT SNOW                9     SLEET                      0
FOG                      51     FOG W/VIS <= 1/4 MILE      3
HAZE                      6

-  INDICATES NEGATIVE NUMBERS.
R  INDICATES RECORD WAS SET OR TIED.
MM INDICATES DATA IS MISSING.
T  INDICATES TRACE AMOUNT.

$$
