000
CXUS51 KOKX 011624
CLSEWR

CLIMATE REPORT
NATIONAL WEATHER SERVICE NEW YORK NY
1218 PM EDT FRI JUN 1 2018

...................................

...THE NEWARK NJ CLIMATE SUMMARY FOR THE SEASON, FROM
3/1/2018 TO 5/31/2018...

CLIMATE NORMAL PERIOD 1981 TO 2010
CLIMATE RECORD PERIOD 1929 TO 2018

WEATHER         OBSERVED          NORMAL  DEPART  LAST YEAR`S
                 VALUE   DATE(S)  VALUE   FROM    VALUE
                                          NORMAL
.............................................................
TEMPERATURE (F)
RECORD
 HIGH              99   05/20/1996
 LOW                6   03/04/1943
HIGHEST            94   05/03        MM      MM
LOWEST             27   03/17        MM      MM
AVG. MAXIMUM     60.6              61.6    -1.0
AVG. MINIMUM     43.8              43.5     0.3
MEAN             52.2              52.6    -0.4
DAYS MAX >= 90      4               1.4     2.6
DAYS MAX <= 32      0               0.8    -0.8
DAYS MIN <= 32     22              13.8     8.2
DAYS MIN <= 0       0               0.0     0.0

PRECIPITATION (INCHES)
RECORD
 MAXIMUM        26.50   1983
 MINIMUM         4.43   1935
TOTALS          14.13             12.47    1.66    15.80
DAILY AVG.       0.15              0.14    0.01
DAYS >= .01        37              33.8     3.2
DAYS >= .10        23              21.0     2.0
DAYS >= .50         9               8.2     0.8
DAYS >= 1.00        2               3.1    -1.1
GREATEST
 24 HR. TOTAL    2.99   MM
 STORM TOTAL       MM
 (MM/DD(HH))            MM

SNOWFALL (INCHES)
RECORDS
 TOTAL           29.4   1956
 24 HR TOTAL     12.8   04/06/1982 TO 04/06/1982
TOTALS           18.2               5.5    12.7
 LIQUID EQUIV    1.82              0.60    1.22
SINCE 7/1        39.4              28.5    10.9
 LIQUID 7/1      3.94
DAYS >= TRACE      13               2.8    10.2
DAYS >= 1.0         3               1.5     1.5
GREATEST
 SNOW DEPTH         8   03/22
 24 HR TOTAL      7.9   MM
 STORM TOTAL       MM
 (MM/DD(HH))            MM

DEGREE_DAYS
HEATING TOTAL    1281              1219      62
 SINCE 7/1         MM              4855      MM
COOLING TOTAL     128                75      53
 SINCE 1/1        131                76      55
..............................................................

WIND (MPH)
AVERAGE WIND SPEED              10.7
HIGHEST WIND SPEED/DIRECTION    44/270    DATE  04/04
HIGHEST GUST SPEED/DIRECTION    54/260    DATE  04/04

SKY COVER
POSSIBLE SUNSHINE (PERCENT)   MM
AVERAGE SKY COVER           0.70
NUMBER OF DAYS FAIR           13
NUMBER OF DAYS PC             29
NUMBER OF DAYS CLOUDY         50

AVERAGE RH (PERCENT)     61

WEATHER CONDITIONS. NUMBER OF DAYS WITH
  0
 21
  0
  1
  8
  2
  5
HAZE                      9

-  INDICATES NEGATIVE NUMBERS.
R  INDICATES RECORD WAS SET OR TIED.
MM INDICATES DATA IS MISSING.
T  INDICATES TRACE AMOUNT.

$$
