000
CXUS53 KGRB 041344
CLSGRB

CLIMATE REPORT...CORRECTED
NATIONAL WEATHER SERVICE GREEN BAY
849 AM CDT MON JUN 4 2018

...3RD SNOWIEST ON RECORD...

...THE GREEN BAY WI SPRING CLIMATE SUMMARY FROM 3/1/2018 TO
5/31/2018...

CLIMATE NORMAL PERIOD 1981 TO 2010
CLIMATE RECORD PERIOD 1886 TO 2018

WEATHER         OBSERVED          NORMAL  DEPART  LAST YEAR`S
                 VALUE   DATE(S)  VALUE   FROM    VALUE  DATE(S)
                                          NORMAL
................................................................
TEMPERATURE (F)
RECORD
 HIGH              99   05/31/1934
 LOW              -29   03/01/1962
HIGHEST            97   05/27        85      12       82  05/16
LOWEST              9   04/08         3       6        6  03/04
                                                          03/03
AVG. MAXIMUM     53.0              53.0     0.0     54.1
AVG. MINIMUM     33.1              33.4    -0.3     36.1
MEAN             43.0              43.2    -0.2     45.1
DAYS MAX >= 90      2               0.0     2.0        0
DAYS MAX <= 32     11               7.7     3.3        8
DAYS MIN <= 32     55              40.6    14.4       26
DAYS MIN <= 0       0               1.1    -1.1        0

PRECIPITATION (INCHES)
RECORD
 MAXIMUM        14.12   1918
 MINIMUM         3.42   1931
TOTALS           9.53              7.41    2.12     9.75
DAILY AVG.       0.10              0.08    0.02     0.11
DAYS >= .01        34              33.1     0.9       43
DAYS >= .10        18              17.6     0.4       25
DAYS >= .50         8               4.8     3.2        6
DAYS >= 1.00        3               1.1     1.9        1

SNOWFALL (INCHES)
RECORDS
 TOTAL           51.9   1888
 24 HR TOTAL       MM
TOTALS           43.7              11.2    32.5      9.0
SINCE 7/1        68.1              51.4    16.7     53.2
DAYS >= TRACE      20               9.5    10.5       13
DAYS >= 1.0        10               3.7     6.3        2
GREATEST
 SNOW DEPTH        19   04/16                          6  03/02
 24 HR TOTAL     11.0   04/14

DEGREE_DAYS
HEATING TOTAL    2088              2023      65     1814
 SINCE 7/1       7542              7863    -321     6387
COOLING TOTAL      93                18      75        8
 SINCE 1/1         93                18      75        8

FREEZE DATES
RECORD
 EARLIEST     09/12/1955
 LATEST       06/06/1958
EARLIEST                        10/04
LATEST                          05/05
.................................................................

WIND (MPH)
AVERAGE WIND SPEED              9.2
RESULTANT WIND SPEED/DIRECTION   2/013
HIGHEST WIND SPEED/DIRECTION    44/050    DATE  04/14
HIGHEST GUST SPEED/DIRECTION    51/040    DATE  04/15

SKY COVER
POSSIBLE SUNSHINE (PERCENT)   MM
AVERAGE SKY COVER           0.30
NUMBER OF DAYS FAIR           50
NUMBER OF DAYS PC             27
NUMBER OF DAYS CLOUDY         15

AVERAGE RH (PERCENT)     65

WEATHER CONDITIONS. NUMBER OF DAYS WITH
THUNDERSTORM              M     MIXED PRECIP               M
HEAVY RAIN                M     RAIN                       M
LIGHT RAIN                M     FREEZING RAIN              M
LT FREEZING RAIN          M     HAIL                       M
HEAVY SNOW                M     SNOW                       M
LIGHT SNOW                M     SLEET                      M
FOG                       M     FOG W/VIS <= 1/4 MILE      M
HAZE                      M

$$
ECKBERG
