000
CXUS53 KDVN 011413
CLSIOW


CLIMATE REPORT
NATIONAL WEATHER SERVICE QUAD CITIES IA IL
855 AM CDT FRI JUN 1 2018

...................................

...THE IOWA CITY IA CLIMATE SUMMARY FOR THE SEASON, FROM
3/1/2018 TO 5/31/2018...

CLIMATE NORMAL PERIOD 1981 TO 2010
CLIMATE RECORD PERIOD 9999 TO 9999

WEATHER         OBSERVED          NORMAL  DEPART
                 VALUE   DATE(S)  VALUE   FROM
                                          NORMAL
................................................
TEMPERATURE (F)
HIGHEST            98   05/28        77      21
                        05/27
LOWEST             15   04/02        23      -8
AVG. MAXIMUM     60.5              60.6    -0.1
AVG. MINIMUM     39.0              40.1    -1.1
MEAN             49.7              50.3    -0.6
DAYS MAX >= 90      6
DAYS MAX <= 32      1
DAYS MIN <= 32     44
DAYS MIN <= 0       0

PRECIPITATION (INCHES)
TOTALS           7.59              9.93   -2.34
DAILY AVG.       0.08              0.11   -0.03
DAYS >= .01        31
DAYS >= .10        17
DAYS >= .50         5
DAYS >= 1.00        2
GREATEST
 24 HR. TOTAL    1.53   05/02 TO 05/03

DEGREE_DAYS
HEATING TOTAL    1551              1411     140
 SINCE 7/1       6260              6361    -101
COOLING TOTAL     178                61     117
 SINCE 1/1        178                61     117
.................................................

WIND (MPH)
AVERAGE WIND SPEED              8.9
HIGHEST WIND SPEED/DIRECTION    31/310    DATE  04/27
HIGHEST GUST SPEED/DIRECTION    48/330    DATE  04/27

SKY COVER
POSSIBLE SUNSHINE (PERCENT)   MM
AVERAGE SKY COVER           0.40
NUMBER OF DAYS FAIR           53
NUMBER OF DAYS PC             21
NUMBER OF DAYS CLOUDY         18

AVERAGE RH (PERCENT)     62

WEATHER CONDITIONS. NUMBER OF DAYS WITH
THUNDERSTORM             16     HAIL                       0
SLEET                     0     FOG                       36
FOG W/VIS <= 1/4 MILE     2     HAZE                       9

-  INDICATES NEGATIVE NUMBERS.
R  INDICATES RECORD WAS SET OR TIED.
MM INDICATES DATA IS MISSING.
T  INDICATES TRACE AMOUNT.

NOTE: SUPPLEMENTAL CLIMATE DATA WAS USED FROM A NEARBY
CLIMATOLOGICALLY REPRESENTATIVE STATION.

$$
