000
CXUS53 KBIS 011722
CLSISN

...THE WILLISTON ND CLIMATE SUMMARY FOR THE SEASON, FROM
3/1/2018 TO 5/31/2018...

CLIMATE NORMAL PERIOD 1981 TO 2010
CLIMATE RECORD PERIOD 1894 TO 2018

WEATHER         OBSERVED          NORMAL  DEPART  LAST YEAR`S
                 VALUE   DATE(S)  VALUE   FROM    VALUE  DATE(S)
                                          NORMAL
................................................................
TEMPERATURE (F)
RECORD
 HIGH             106   05/22/1980
 LOW              -35   03/14/1897
HIGHEST            92   05/26        MM      MM       89  05/06
LOWEST             -9   03/08        MM      MM       -4  03/13
AVG. MAXIMUM     51.9              55.0    -3.1     57.4
AVG. MINIMUM     28.2              29.5    -1.3     31.1
MEAN             40.1              42.2    -2.1     44.3
DAYS MAX >= 90      1               0.3     0.7        0
DAYS MAX <= 32     17               8.7     8.3       10
DAYS MIN <= 32     53              52.0     1.0       47
DAYS MIN <= 0       8               3.1     4.9        3

PRECIPITATION (INCHES)
RECORD
 MAXIMUM         9.25   2011
 MINIMUM         1.78   2009
TOTALS           3.74              3.63    0.11     2.33
DAILY AVG.       0.04              0.04    0.00     0.03
DAYS >= .01        24              25.3    -1.3       25
DAYS >= .10        13               9.7     3.3        7
DAYS >= .50         1               1.3    -0.3        1
DAYS >= 1.00        0               0.5    -0.5        0
GREATEST
 24 HR. TOTAL    0.50                            05/31 TO 05/31
                                                          05/31 TO
05/31EATHER         OBSERVED          NORMAL  DEPART  LAST YEAR`S

                                                          05/31 TO
05/31EATHER         OBSERVED          NORMAL  DEPART  LAST YEAR`S

DEGREE_DAYS
HEATING TOTAL    2309
COOLING TOTAL      43
.................................................................

WIND (MPH)
HIGHEST WIND SPEED/DIRECTION    41/330    DATE  05/26
HIGHEST GUST SPEED/DIRECTION    52/330    DATE  05/26



-  INDICATES NEGATIVE NUMBERS.
R  INDICATES RECORD WAS SET OR TIED.
MM INDICATES DATA IS MISSING.
T  INDICATES TRACE AMOUNT.
...................................
