880
CXUS51 KOKX 011717 CCB
CLSJFK

CLIMATE REPORT...CORRECTED
NATIONAL WEATHER SERVICE NEW YORK NY
1218 PM EDT FRI JUN 1 2018

...................................

...THE KENNEDY NY CLIMATE SUMMARY FOR THE SEASON, FROM
3/1/2018 TO 5/31/2018...

CLIMATE NORMAL PERIOD 1981 TO 2010
CLIMATE RECORD PERIOD 1948 TO 2018

WEATHER         OBSERVED          NORMAL  DEPART  LAST YEAR`S
                 VALUE   DATE(S)  VALUE   FROM    VALUE
                                          NORMAL
.............................................................
TEMPERATURE (F)
RECORD
 HIGH              99   05/29/1969
 LOW                7   03/19/1967
HIGHEST            84   05/03        MM      MM
LOWEST             27   03/17        MM      MM
AVG. MAXIMUM     57.2              58.8    -1.6
AVG. MINIMUM     42.6              43.5    -0.9
MEAN             49.9              51.2    -1.3
DAYS MAX >= 90      0               0.2    -0.2
DAYS MAX <= 32      0               0.8    -0.8
DAYS MIN <= 32     24              11.8    12.2
DAYS MIN <= 0       0               0.0     0.0

PRECIPITATION (INCHES)
RECORD
 MAXIMUM        20.40   1984
 MINIMUM         6.34   2016
TOTALS          12.45             11.59    0.86    15.68
DAILY AVG.       0.13              0.13    0.00
DAYS >= .01        36              33.9     2.1
DAYS >= .10        24              20.6     3.4
DAYS >= .50         8               7.8     0.2
DAYS >= 1.00        3               3.1    -0.1
GREATEST
 24 HR. TOTAL    2.16   MM
 STORM TOTAL       MM
 (MM/DD(HH))            MM

SNOWFALL (INCHES)
RECORDS
 TOTAL           21.1   1960
 24 HR TOTAL      9.0   03/13/1993 TO 03/13/1993
TOTALS           16.5               4.3    12.2
 LIQUID EQUIV    1.65              0.40    1.25
SINCE 7/1        35.5              23.8    11.7
 LIQUID 7/1      3.55
DAYS >= TRACE      13               2.6    10.4
DAYS >= 1.0         4               1.2     2.8
GREATEST
 SNOW DEPTH         9   03/22
 24 HR TOTAL      8.4   MM
 STORM TOTAL       MM
 (MM/DD(HH))            MM

DEGREE_DAYS
HEATING TOTAL    1416              1307     109
 SINCE 7/1         MM              4818      MM
COOLING TOTAL      53                35      18
 SINCE 1/1         53                35      18
..............................................................

WIND (MPH)
AVERAGE WIND SPEED              12.8
HIGHEST WIND SPEED/DIRECTION    51/330    DATE  03/02
HIGHEST GUST SPEED/DIRECTION    66/340    DATE  03/02

SKY COVER
POSSIBLE SUNSHINE (PERCENT)   MM
AVERAGE SKY COVER           0.70
NUMBER OF DAYS FAIR           11
NUMBER OF DAYS PC             35
NUMBER OF DAYS CLOUDY         46

AVERAGE RH (PERCENT)     67

WEATHER CONDITIONS. NUMBER OF DAYS WITH
  0
 13
  0
  0
  6
  3
 14
HAZE                      3

-  INDICATES NEGATIVE NUMBERS.
R  INDICATES RECORD WAS SET OR TIED.
MM INDICATES DATA IS MISSING.
T  INDICATES TRACE AMOUNT.

$$
