000
CXUS51 KRNK 011425
CLSLYH


CLIMATE REPORT
NATIONAL WEATHER SERVICE BLACKSBURG VA
1021 AM EDT FRI JUN 1 2018

...................................

...THE LYNCHBURG VA CLIMATE SUMMARY FOR THE SEASON, FROM
3/1/2018 TO 5/31/2018...

CLIMATE NORMAL PERIOD 1981 TO 2010
CLIMATE RECORD PERIOD 1893 TO 2018

WEATHER         OBSERVED          NORMAL  DEPART  LAST YEAR`S
                 VALUE   DATE(S)  VALUE   FROM    VALUE
                                          NORMAL
.............................................................
TEMPERATURE (F)
RECORD
 HIGH             100   05/22/1941
 LOW                5   03/03/2009
HIGHEST            91   05/12                         89
LOWEST             22   03/24                         18
                        03/08
AVG. MAXIMUM     66.7              67.1    -0.4     68.9
AVG. MINIMUM     43.5              42.4     1.1     46.3
MEAN             55.1              54.8     0.3     57.6
DAYS MAX >= 90      2               0.6     1.4        0
DAYS MAX <= 32      0               0.2    -0.2        0
DAYS MIN <= 32     27              17.3     9.7       16
DAYS MIN <= 0       0               0.0     0.0        0

PRECIPITATION (INCHES)
RECORD
 MAXIMUM        18.09   1975
 MINIMUM         3.94   1915
TOTALS          16.19             10.62    5.57    14.72
DAILY AVG.       0.18              0.12    0.06     0.16
DAYS >= .01        39              32.9     6.1       36
DAYS >= .10        24              20.9     3.1       27
DAYS >= .50         9               7.3     1.7       12
DAYS >= 1.00        6               2.4     3.6        4
GREATEST
 24 HR. TOTAL    2.15                               1.39

SNOWFALL (INCHES)
TOTALS            8.2                                  T
DAYS >= TRACE       7                                  2
DAYS >= 1.0         2                                  0
GREATEST
 24 HR TOTAL      4.6                                0.0

DEGREE_DAYS
HEATING TOTAL    1091              1021      70      793
COOLING TOTAL     206                82     124      135
..............................................................

WIND (MPH)
AVERAGE WIND SPEED              6.4
HIGHEST WIND SPEED/DIRECTION    38/180    DATE  04/15
HIGHEST GUST SPEED/DIRECTION    48/190    DATE  04/15

SKY COVER
AVERAGE SKY COVER           0.40

AVERAGE RH (PERCENT)     64

WEATHER CONDITIONS. NUMBER OF DAYS WITH:
THUNDERSTORM             11     MIXED PRECIP                 0
HEAVY RAIN               15     RAIN                        21
LIGHT RAIN               42     FREEZING RAIN                0
LT FREEZING RAIN          0     HAIL                         0
HEAVY SNOW                1     SNOW                         1
LIGHT SNOW                7     SLEET                        2
FOG                      41     FOG W/VIS <= 1/4 MILE        3
HAZE                      0

-  INDICATES NEGATIVE NUMBERS.
R  INDICATES RECORD WAS SET OR TIED.
MM INDICATES DATA IS MISSING.
T  INDICATES TRACE AMOUNT.

$$
