000
CXUS53 KEAX 030341
CLSMCI

CLIMATE REPORT
NATIONAL WEATHER SERVICE KANSAS CITY/PLEASANT HILL MO
1038 PM CDT SAT JUN 2 2018

...................................

...THE KANSAS CITY INTERNATIONAL CLIMATE SUMMARY FOR THE SEASON, FROM
3/1/2018 TO 5/31/2018...

CLIMATE NORMAL PERIOD 1981 TO 2010
CLIMATE RECORD PERIOD 1888 TO 2018

WEATHER         OBSERVED          NORMAL  DEPART  LAST YEAR`S
                 VALUE   DATE(S)  VALUE   FROM    VALUE  DATE(S)
                                          NORMAL
................................................................
TEMPERATURE (F)
RECORD
 HIGH             103   05/30/1934
 LOW              -10   03/04/1978
HIGHEST            94   05/28        88       6       88  05/15
LOWEST             16   04/07        14       2       19  03/15
AVG. MAXIMUM     65.7              65.2     0.5     66.5
AVG. MINIMUM     43.9              43.9     0.0     46.0
MEAN             54.8              54.5     0.3     56.3
DAYS MAX >= 90      6               0.6     5.4        0
DAYS MAX <= 32      1               1.3    -0.3        0
DAYS MIN <= 32     26              18.3     7.7       10
DAYS MIN <= 0       0               0.1    -0.1        0

PRECIPITATION (INCHES)
RECORD
 MAXIMUM        22.90   1904
 MINIMUM         5.02   1928
TOTALS           8.16             11.30   -3.14    14.82
DAILY AVG.       0.09              0.12   -0.03     0.16
DAYS >= .01        27              32.0    -5.0       36
DAYS >= .10        13              19.9    -6.9       22
DAYS >= .50         3               8.0    -5.0        8
DAYS >= 1.00        2               2.6    -0.6        4
GREATEST
 24 HR. TOTAL    2.23   MM

SNOWFALL (INCHES)
RECORDS
 TOTAL           40.2   1912
TOTALS            1.9               2.6    -0.7      0.4
SINCE 7/1         7.7              18.8   -11.1      4.9
DAYS >= TRACE       7               2.1     4.9        2
DAYS >= 1.0         1               0.8     0.2        0
GREATEST
 SNOW DEPTH         1   04/08
                        04/01
                        04/02
 24 HR TOTAL      1.1   MM

DEGREE_DAYS
HEATING TOTAL    1187              1079     108      892
COOLING TOTAL     280               116     164      111
.................................................................

WIND (MPH)
AVERAGE WIND SPEED              11.1
HIGHEST WIND SPEED/DIRECTION    36/190    DATE  04/30
HIGHEST GUST SPEED/DIRECTION    47/190    DATE  04/30

SKY COVER
POSSIBLE SUNSHINE (PERCENT)   MM
AVERAGE SKY COVER           0.60
NUMBER OF DAYS FAIR           16
NUMBER OF DAYS PC             39
NUMBER OF DAYS CLOUDY         37

AVERAGE RH (PERCENT)     63


-  INDICATES NEGATIVE NUMBERS.
R  INDICATES RECORD WAS SET OR TIED.
MM INDICATES DATA IS MISSING.
T  INDICATES TRACE AMOUNT.

$$
