000
CXUS53 KEAX 030345
CLSOJC

CLIMATE REPORT
NATIONAL WEATHER SERVICE KANSAS CITY/PLEASANT HILL MO
1038 PM CDT SAT JUN 2 2018

...................................

...THE JOHNSON COUNTY EXECUTIVE CLIMATE SUMMARY FOR THE SEASON, FROM
3/1/2018 TO 5/31/2018...

CLIMATE NORMAL PERIOD 1981 TO 2010
CLIMATE RECORD PERIOD 9999 TO 9999

WEATHER         OBSERVED          NORMAL  DEPART  LAST YEAR`S
                 VALUE   DATE(S)  VALUE   FROM    VALUE  DATE(S)
                                          NORMAL
................................................................
TEMPERATURE (F)
HIGHEST            91   05/28        87       4       86  05/15
LOWEST             17   04/04        16       1       19  03/15
AVG. MAXIMUM     65.2              65.0     0.2     66.0
AVG. MINIMUM     44.2              44.8    -0.6     46.6
MEAN             54.7              54.9    -0.2     56.3
DAYS MAX >= 90      4               0.4     3.6        0
DAYS MAX <= 32      1               0.8     0.2        1
DAYS MIN <= 32     26              15.4    10.6        9
DAYS MIN <= 0       0               0.1    -0.1        0

PRECIPITATION (INCHES)
TOTALS           8.03             12.05   -4.02    12.44
DAILY AVG.       0.09              0.13   -0.04     0.14
DAYS >= .01        26              30.5    -4.5       37
DAYS >= .10        14              20.0    -6.0       19
DAYS >= .50         4               8.0    -4.0        8
DAYS >= 1.00        3               3.1    -0.1        3
GREATEST
 24 HR. TOTAL    1.65   MM

DEGREE_DAYS
HEATING TOTAL    1175              1033     142      878
COOLING TOTAL     252               103     149       96
.................................................................

WIND (MPH)
AVERAGE WIND SPEED              9.7
HIGHEST WIND SPEED/DIRECTION    37/260    DATE  05/02
HIGHEST GUST SPEED/DIRECTION    49/260    DATE  05/02

SKY COVER
POSSIBLE SUNSHINE (PERCENT)   MM
AVERAGE SKY COVER           0.40
NUMBER OF DAYS FAIR           51
NUMBER OF DAYS PC             22
NUMBER OF DAYS CLOUDY         19

AVERAGE RH (PERCENT)     66


-  INDICATES NEGATIVE NUMBERS.
R  INDICATES RECORD WAS SET OR TIED.
MM INDICATES DATA IS MISSING.
T  INDICATES TRACE AMOUNT.

$$
