000
CXUS53 KDDC 011610
CLSP28


CLIMATE REPORT
NATIONAL WEATHER SERVICE DODGE CITY KS
1058 AM CDT FRI JUN 1 2018

...................................

...THE MEDICINE LODGE KS CLIMATE SUMMARY FOR THE SEASON, FROM
3/1/2018 TO 5/31/2018...

CLIMATE NORMAL PERIOD 1981 TO 2010
CLIMATE RECORD PERIOD 1893 TO 2018

WEATHER         OBSERVED          NORMAL  DEPART  LAST YEAR`S
                 VALUE   DATE(S)  VALUE   FROM    VALUE  DATE(S)
                                          NORMAL
................................................................
TEMPERATURE (F)
RECORD
 HIGH             106   05/31/1953
 LOW               -7   03/03/2014
                        03/03/1960
HIGHEST            96   04/12        MM      MM       93  03/19
LOWEST             18   03/12        MM      MM       19  03/02
AVG. MAXIMUM     72.7              68.9     3.8     71.1
AVG. MINIMUM     43.6              44.3    -0.7     45.4
MEAN             58.1              56.6     1.5     58.2
DAYS MAX >= 90     19               3.7    15.3        2
DAYS MAX <= 32      0               0.6    -0.6        0
DAYS MIN <= 32     25              15.9     9.1       13
DAYS MIN <= 0       0               0.0     0.0        0

PRECIPITATION (INCHES)
RECORD
 MAXIMUM        17.27   1957
 MINIMUM         1.13   1966
TOTALS           8.13              7.99    0.14    11.63
DAILY AVG.       0.09              0.09    0.00     0.13
DAYS >= .01        25              24.8     0.2       27
DAYS >= .10        17              14.3     2.7       17
DAYS >= .50         7               6.3     0.7        8
DAYS >= 1.00        1               2.4    -1.4        4
GREATEST
 24 HR. TOTAL    1.70   05/29 TO 05/29           05/11 TO 05/11

SNOWFALL (INCHES)
RECORDS
 TOTAL           25.0   1983
 24 HR TOTAL     12.0   03/16/1970
 SNOW DEPTH        12   03/16/1970
TOTALS            0.0               0.1    -0.1      0.0
 LIQUID EQUIV    0.00              0.00    0.00     0.00
SINCE 7/1           T               8.5    -8.5      1.4
 LIQUID 7/1        MM              0.90      MM     0.14
SNOWDEPTH AVG.      0                MM      MM        0
DAYS >= TRACE       0               0.3    -0.3        0
DAYS >= 1.0         0               0.0     0.0        0
GREATEST
 SNOW DEPTH         0   MM                             0  MM
 24 HR TOTAL      0.0   MM                       05/11 TO 05/11

DEGREE_DAYS
HEATING TOTAL     934               925       9      710
 SINCE 7/1       4319              4455    -136     3711
COOLING TOTAL     332               156     176       98
 SINCE 1/1        332               156     176       98

.................................................................

WIND (MPH)
AVERAGE WIND SPEED              10.7
RESULTANT WIND SPEED/DIRECTION   1/097
HIGHEST WIND SPEED/DIRECTION    43/300    DATE  05/30
HIGHEST GUST SPEED/DIRECTION    65/300    DATE  05/30

AVERAGE RH (PERCENT)     60


-  INDICATES NEGATIVE NUMBERS.
R  INDICATES RECORD WAS SET OR TIED.
MM INDICATES DATA IS MISSING.
T  INDICATES TRACE AMOUNT.

$$
