000
CXUS53 KPAH 020038 CCA
CLSPAH

CLIMATE REPORT
NATIONAL WEATHER SERVICE PADUCAH KY
737 PM CDT FRI JUN 1 2018

...................................

...THE PADUCAH KY CLIMATE SUMMARY FOR THE SEASON, FROM
3/1/2018 TO 5/31/2018...

CLIMATE NORMAL PERIOD 1981 TO 2010
CLIMATE RECORD PERIOD 1937 TO 2018

WEATHER         OBSERVED          NORMAL  DEPART
                 VALUE   DATE(S)  VALUE   FROM
                                          NORMAL
................................................
TEMPERATURE (F)
RECORD
 HIGH              96   05/26/1953
                        05/26/1944
                        05/22/1941
 LOW               -6   03/06/2015
HIGHEST            93   05/27        68      25
LOWEST             25   03/14        47     -22
                        03/09
AVG. MAXIMUM     68.6              68.8    -0.2
AVG. MINIMUM     47.9              46.9     1.0
MEAN             58.3              57.8     0.5
DAYS MAX >= 90      4               0.8     3.2
DAYS MAX <= 32      0               0.3    -0.3
DAYS MIN <= 32     15              12.0     3.0
DAYS MIN <= 0       0               0.0     0.0

PRECIPITATION (INCHES)
RECORD
 MAXIMUM        31.21   2011
 MINIMUM         4.95   2012
TOTALS          16.94             13.63    3.31
DAILY AVG.       0.18              0.15    0.03
DAYS >= .01        42              32.5     9.5
DAYS >= .10        29              22.1     6.9
DAYS >= .50        10               8.9     1.1
DAYS >= 1.00        4               3.4     0.6
GREATEST
 24 HR. TOTAL    2.28   MM
 STORM TOTAL       MM
 (MM/DD(HH))            MM

SNOWFALL (INCHES)
RECORDS
 TOTAL           24.0   1960
 24 HR TOTAL      8.1   MM
TOTALS            1.2               0.6     0.6
 LIQUID EQUIV    0.12
SINCE 7/1        13.7               9.1     4.6
 LIQUID 7/1      1.37
SNOWDEPTH AVG.      0
DAYS >= TRACE       7
DAYS >= 1.0         1
GREATEST
 SNOW DEPTH         1   04/07
 24 HR TOTAL      1.0   MM
 STORM TOTAL       MM
 (MM/DD(HH))            MM

DEGREE_DAYS
HEATING TOTAL     931               831     100
 SINCE 7/1         MM              4128      MM
COOLING TOTAL     341               172     169
 SINCE 1/1        352               172     180

FREEZE DATES
RECORD
 EARLIEST     10/01/1984
 LATEST       04/28/1992
EARLIEST                        10/26
LATEST                          04/04
.................................................

WIND (MPH)
AVERAGE WIND SPEED              7.4
HIGHEST WIND SPEED/DIRECTION    37/250    DATE  03/06
HIGHEST GUST SPEED/DIRECTION    54/240    DATE  03/06

SKY COVER
POSSIBLE SUNSHINE (PERCENT)   MM
AVERAGE SKY COVER           0.40
NUMBER OF DAYS FAIR           45
NUMBER OF DAYS PC             25
NUMBER OF DAYS CLOUDY         22

AVERAGE RH (PERCENT)     67

WEATHER CONDITIONS. NUMBER OF DAYS WITH
THUNDERSTORM             28     MIXED PRECIP               0
HEAVY RAIN               18     RAIN                      23
LIGHT RAIN               47     FREEZING RAIN              0
LT FREEZING RAIN          0     HAIL                       1
HEAVY SNOW                0     SNOW                       0
LIGHT SNOW                9     SLEET                      1
FOG                      50     FOG W/VIS <= 1/4 MILE      1
HAZE                     12

-  INDICATES NEGATIVE NUMBERS.
R  INDICATES RECORD WAS SET OR TIED.
MM INDICATES DATA IS MISSING.
T  INDICATES TRACE AMOUNT.

$$
