000
CXUS54 KLZK 021458
CLSPBF


CLIMATE REPORT
NATIONAL WEATHER SERVICE LITTLE ROCK AR
942 AM CDT MON JUL 2 2018

...................................

...THE PINE BLUFF CLIMATE SUMMARY FOR THE SNOWFALL SEASON, FROM
7/1/2017 TO 6/30/2018...

CLIMATE NORMAL PERIOD 1981 TO 2010
CLIMATE RECORD PERIOD 1883 TO 2018

WEATHER         OBSERVED          NORMAL  DEPART  LAST YEAR`S
                 VALUE   DATE(S)  VALUE   FROM    VALUE  DATE(S)
                                          NORMAL
................................................................
SNOWFALL (INCHES)
RECORDS
 TOTAL           25.1   07/01/1965-06/30/1966
 24 HR TOTAL     14.0   03/17/1892
 SNOW DEPTH        14   03/17/1892
TOTALS            4.1               3.1     1.0       MM
 LIQUID EQUIV    0.41                                 MM
SINCE 7/1         4.1               3.1     1.0       MM
 LIQUID 7/1      0.41                                 MM
SNOWDEPTH AVG.      0                MM      MM       MM
DAYS >= TRACE       5               0.9     4.1       MM
DAYS >= 1.0         1               0.8     0.2       MM
GREATEST
 SNOW DEPTH         4   01/16                         MM  MM
 24 HR TOTAL      4.0   01/15 TO 01/16                MM

.................................................................

-  INDICATES NEGATIVE NUMBERS.
R  INDICATES RECORD WAS SET OR TIED.
MM INDICATES DATA IS MISSING.
T  INDICATES TRACE AMOUNT.

&&

...Data for Pine Bluff for the Snowfall Season July 1, 2017-June 30,
2018...

.Summary...
The snowfall of 4.1 inches was one inch above the annual average snowfall of
3.1 inches. This was the most snowfall in a season at Pine Bluff since 2014-
2015, and the fourth out of the last five with above average snowfall.

Snow fell in December, January, and April. It was only measurable in January
though.

This was the ninth season in a row with measurable snowfall.

The all-time record snowfall season at Pine Bluff remains 25.1 inches, which
fell from July 1, 1965 to June 30, 1966.

$$

57
