000
CXUS55 KPUB 071321 RRA
CLSPUB

CLIMATE REPORT
NATIONAL WEATHER SERVICE PUEBLO
721 AM MDT THU JUN 7 2018

...................................

...THE PUEBLO CO CLIMATE SUMMARY FOR THE SEASON, FROM
3/1/2018 TO 5/31/2018...

CLIMATE NORMAL PERIOD 1981 TO 2010
CLIMATE RECORD PERIOD 1888 TO 2018

WEATHER         OBSERVED          NORMAL  DEPART  LAST YEAR`S
                 VALUE   DATE(S)  VALUE   FROM    VALUE  DATE(S)
                                          NORMAL
................................................................
TEMPERATURE (F)
RECORD
 HIGH             102   05/31/2002
                        05/30/2000
                        05/29/2000
 LOW              -20   03/05/1948

HIGHEST            98   05/26                         89  05/24
LOWEST             11   03/07                         10  03/02

AVG. MAXIMUM     73.0              67.7     5.3     69.8
AVG. MINIMUM     36.4              34.5     1.9     37.4

MEAN             54.7              51.1     3.6     53.6

DAYS MAX >= 90      9
DAYS MAX <= 32      0
DAYS MIN <= 32     40
DAYS MIN <= 0       0

PRECIPITATION (INCHES)
RECORD
 MAXIMUM         9.78   1900
 MINIMUM         0.42   2002

TOTALS           1.13              3.84   -2.71     8.14

DAILY AVG.       0.01              0.04   -0.03

DAYS >= .01        14
DAYS >= .10         4
DAYS >= .50         0
DAYS >= 1.00        0

GREATEST
 24 HR. TOTAL    0.40   05/02 TO 05/03

SNOWFALL (INCHES)
RECORDS
 MAXIMUM         31.5   1990
 MINIMUM            T   2018
                        1910

TOTALS              T (R)          10.0   -10.0     14.0
SINCE 7/1        13.7              31.8   -18.1

SNOWDEPTH AVG.      0

DAYS >= TRACE       4               6.2    -2.2
DAYS >= 1.0         0               2.9    -2.9

GREATEST
 SNOW DEPTH         0                                6
 24 HR TOTAL        T   03/27 TO 03/27
                        04/06 TO 04/06

DEGREE_DAYS
HEATING TOTAL    1060              1311    -251     1038
 SINCE 7/1       4876              5613    -737     4538
COOLING TOTAL     137                34     103       10
 SINCE 1/1        137                34     103       10
.................................................................

WIND (MPH)
AVERAGE WIND SPEED              10.1
HIGHEST WIND SPEED/DIRECTION    53/240    DATE  04/17
HIGHEST GUST SPEED/DIRECTION    69/250    DATE  04/17

SKY COVER

AVERAGE SKY COVER           0.20
NUMBER OF DAYS FAIR           71
NUMBER OF DAYS PC             18
NUMBER OF DAYS CLOUDY          3

AVERAGE RH (PERCENT)     43

WEATHER CONDITIONS. NUMBER OF DAYS WITH

THUNDERSTORM          7   MIXED PRECIP           2
HEAVY RAIN            2   RAIN                   3
LIGHT RAIN           19   FREEZING RAIN          0
LT FREEZING RAIN      0   HAIL                   2
HEAVY SNOW            0   SNOW                   0
LIGHT SNOW            2   SLEET                  0
FOG                  14   FOG W/VIS <= 1/4 MILE  0
HAZE                 13

-  INDICATES NEGATIVE NUMBERS.
R  INDICATES RECORD WAS SET OR TIED.
MM INDICATES DATA IS MISSING.
T  INDICATES TRACE AMOUNT.

$$
