118
CXUS53 KGRB 041348
CLSRHI

CLIMATE REPORT
NATIONAL WEATHER SERVICE GREEN BAY
850 AM CDT MON JUN 4 2018

...2ND SNOWIEST ON RECORD...

...THE RHINELANDER WI SPRING CLIMATE SUMMARY FROM 3/1/2018
TO 5/31/2018...

CLIMATE NORMAL PERIOD 1981 TO 2010
CLIMATE RECORD PERIOD 1908 TO 2018

WEATHER         OBSERVED          NORMAL  DEPART  LAST YEAR`S
                 VALUE   DATE(S)  VALUE   FROM    VALUE  DATE(S)
                                          NORMAL
................................................................
TEMPERATURE (F)
RECORD
 HIGH              99   05/31/1934
 LOW              -36   03/01/1962
HIGHEST            94   05/26        87       7       77  05/27
LOWEST             -4   04/08       -10       6       -5  03/03
AVG. MAXIMUM     52.4              51.9     0.5     52.2
AVG. MINIMUM     26.9              29.1    -2.2     30.3
MEAN             39.7              40.5    -0.8     41.3
DAYS MAX >= 90      4               0.1     3.9        0
DAYS MAX <= 32     16              11.8     4.2        9
DAYS MIN <= 32     61              51.7     9.3       48
DAYS MIN <= 0       3               3.4    -0.4        3

PRECIPITATION (INCHES)
RECORD
 MAXIMUM        14.87   1991
 MINIMUM         2.28   1931
TOTALS           6.18              7.64   -1.46    14.36
DAILY AVG.       0.07              0.08   -0.01     0.16
DAYS >= .01        29                MM      MM       42
DAYS >= .10        15                MM      MM       25
DAYS >= .50         4                MM      MM        9
DAYS >= 1.00        1                MM      MM        4

SNOWFALL (INCHES)
RECORDS
 TOTAL           47.0   1923
 24 HR TOTAL       MM
TOTALS           44.3                MM      MM     12.3
SINCE 7/1        99.7                MM      MM     63.8
DAYS >= TRACE      19                MM      MM       13
DAYS >= 1.0         8                MM      MM        3
GREATEST
 SNOW DEPTH        19   04/15                          3  03/01
 24 HR TOTAL     16.6   MM

DEGREE_DAYS
HEATING TOTAL    2383              2264     119     2165
 SINCE 7/1       8958              8886      72     7676
COOLING TOTAL      83                12      71        2
 SINCE 1/1         83                12      71        2

FREEZE DATES
RECORD
 EARLIEST     08/27/1915
 LATEST       07/30/1928
EARLIEST                        09/23
LATEST                          05/20
.................................................................

WIND (MPH)
AVERAGE WIND SPEED              6.8
RESULTANT WIND SPEED/DIRECTION   0/332
HIGHEST WIND SPEED/DIRECTION    33/100    DATE  03/05
HIGHEST GUST SPEED/DIRECTION    41/100    DATE  03/05

SKY COVER
POSSIBLE SUNSHINE (PERCENT)   MM
AVERAGE SKY COVER           0.40
NUMBER OF DAYS FAIR           47
NUMBER OF DAYS PC             31
NUMBER OF DAYS CLOUDY         14

AVERAGE RH (PERCENT)     62


WEATHER CONDITIONS. NUMBER OF DAYS WITH
THUNDERSTORM              M     MIXED PRECIP               M
HEAVY RAIN                M     RAIN                       M
LIGHT RAIN                M     FREEZING RAIN              M
LT FREEZING RAIN          M     HAIL                       M
HEAVY SNOW                M     SNOW                       M
LIGHT SNOW                M     SLEET                      M
FOG                       M     FOG W/VIS <= 1/4 MILE      M
HAZE                      M

-  INDICATES NEGATIVE NUMBERS.
R  INDICATES RECORD WAS SET OR TIED.
MM INDICATES DATA IS MISSING.
T  INDICATES TRACE AMOUNT.

$$
ECKBERG
