000
CXUS51 KBGM 011500
CLSSYR


CLIMATE REPORT
NATIONAL WEATHER SERVICE BINGHAMTON NY
1030 AM EDT FRI JUN 1 2018

...................................

...THE SYRACUSE NY CLIMATE SUMMARY FOR THE SEASON, FROM
3/1/2018 TO 5/31/2018...

CLIMATE NORMAL PERIOD 1981 TO 2010
CLIMATE RECORD PERIOD 1902 TO 2018

WEATHER         OBSERVED          NORMAL  DEPART  LAST YEAR`S
                 VALUE   DATE(S)  VALUE   FROM    VALUE  DATE(S)
                                          NORMAL
................................................................
TEMPERATURE (F)
RECORD
 HIGH              96   05/21/1977
 LOW              -16   03/04/1950
HIGHEST            90   05/30        56      34       88  05/18
                                                          05/17
LOWEST              8   03/20        36     -28        2  03/05
AVG. MAXIMUM     53.8              56.4    -2.6     55.0
AVG. MINIMUM     35.0              36.0    -1.0     36.2
MEAN             44.4              46.2    -1.8     45.6
DAYS MAX >= 90      1               0.3     0.7        0
DAYS MAX <= 32      6               5.5     0.5       10
DAYS MIN <= 32     49              32.6    16.4       32
DAYS MIN <= 0       0               0.4    -0.4        0

PRECIPITATION (INCHES)
RECORD
 MAXIMUM        20.15   1976
 MINIMUM         5.66   1981
TOTALS           8.24              9.36   -1.12    15.26
DAILY AVG.       0.09              0.10   -0.01     0.16
DAYS >= .01        46              42.7     3.3       49
DAYS >= .10        24              23.3     0.7       36
DAYS >= .50         2               5.8    -3.8       11
DAYS >= 1.00        1               0.8     0.2        2
GREATEST
 24 HR. TOTAL    1.54   03/01 TO 03/02

SNOWFALL (INCHES)
RECORDS
 TOTAL           66.7   1993
 24 HR TOTAL     22.1   03/13/1993 TO 03/13/1993
 SNOW DEPTH        35   03/15/1993
TOTALS           46.1              21.9    24.2     31.2
SINCE 7/1       153.6             123.8    29.8    134.9
SNOWDEPTH AVG.      2                MM      MM        1
DAYS >= TRACE      32              12.6    19.4       18
DAYS >= 1.0         8               6.3     1.7        5
GREATEST
 SNOW DEPTH        20   03/15                         22  03/15
 24 HR TOTAL     16.7   03/02 TO 03/02

DEGREE_DAYS
HEATING TOTAL    1926              1759     167     1798
 SINCE 7/1       6593              6590       3     6067
COOLING TOTAL      59                30      29       32
 SINCE 1/1         59                30      29       32

FREEZE DATES
RECORD
 EARLIEST     09/23/1963
 LATEST       05/24/1963
EARLIEST                        10/14
LATEST                          04/29
.................................................................

WIND (MPH)
AVERAGE WIND SPEED              9.0
RESULTANT WIND SPEED/DIRECTION   3/276
HIGHEST WIND SPEED/DIRECTION    46/250    DATE  04/04
HIGHEST GUST SPEED/DIRECTION    58/250    DATE  04/04

SKY COVER
POSSIBLE SUNSHINE (PERCENT)   MM
AVERAGE SKY COVER           0.70

AVERAGE RH (PERCENT)     73

WEATHER CONDITIONS. NUMBER OF DAYS WITH
THUNDERSTORM              4      MIXED PRECIP          0
HEAVY RAIN                3      RAIN                 11
LIGHT RAIN               38      FREEZING RAIN         0
LT FREEZING RAIN          2      HAIL                  0
HEAVY SNOW                3      SNOW                  8
LIGHT SNOW               32      SLEET                 0
FOG                      45      FOG W/VIS <+1/4 MILE  2
HAZE                      3

-  INDICATES NEGATIVE NUMBERS.
R  INDICATES RECORD WAS SET OR TIED.
MM INDICATES DATA IS MISSING.
T  INDICATES TRACE AMOUNT.

&&
2ND GREATEST SNOW MARCH TO MAY
$$

TAC
