000
CXUS51 KCLE 051541
CLSYNG


CLIMATE REPORT
NATIONAL WEATHER SERVICE CLEVELAND OH
1130 AM EDT TUE JUN 5 2018

...................................

...THE YOUNGSTOWN OH CLIMATE SUMMARY FOR THE SEASON, FROM
3/1/2018 TO 5/31/2018...

CLIMATE NORMAL PERIOD 1981 TO 2010
CLIMATE RECORD PERIOD 1897 TO 2018

WEATHER         OBSERVED          NORMAL  DEPART
                 VALUE   DATE(S)  VALUE   FROM
                                          NORMAL
................................................
TEMPERATURE (F)
RECORD
 HIGH              92   05/28/2018
                        05/18/1962
                        05/18/1962
 LOW              -10   03/02/1980
HIGHEST            92R  05/28
LOWEST             17   03/17
AVG. MAXIMUM     58.0              57.9     0.1
AVG. MINIMUM     37.5              37.4     0.1
MEAN             47.8              47.7     0.1
DAYS MAX >= 90      2               0.0
DAYS MAX <= 32      3               4.8
DAYS MIN <= 32     44              31.0
DAYS MIN <= 0       0               0.1

PRECIPITATION (INCHES)
RECORD
 MAXIMUM        20.33   2011
 MINIMUM         3.83   1915
TOTALS          13.01             10.09    2.92
DAYS >= .01        49              42.2
DAYS >= .10        31              23.9
DAYS >= .50         9               6.2
DAYS >= 1.00        3               1.5

SNOWFALL (INCHES)
RECORDS
 TOTAL           33.0   1987
TOTALS           23.2              13.9
DAYS >= TRACE      30
DAYS >= 1.0        10               3.3

DEGREE_DAYS
HEATING TOTAL    1660              1632      28
COOLING TOTAL     104                38      66
.................................................

WIND (MPH)
HIGHEST GUST SPEED/DIRECTION    52/260    DATE  04/04

SKY COVER
POSSIBLE SUNSHINE (PERCENT)   MM
NUMBER OF DAYS FAIR           11
NUMBER OF DAYS PC             29
NUMBER OF DAYS CLOUDY         52


WEATHER CONDITIONS. NUMBER OF DAYS WITH
THUNDERSTORM             16     MIXED PRECIP               0
HEAVY RAIN                8     RAIN                      21
LIGHT RAIN               41     FREEZING RAIN              0
LT FREEZING RAIN          1     HAIL                       1
HEAVY SNOW                2     SNOW                      13
LIGHT SNOW               28     SLEET                      6
FOG                      52     FOG W/VIS <= 1/4 MILE      7
HAZE                      0

-  INDICATES NEGATIVE NUMBERS.
R  INDICATES RECORD WAS SET OR TIED.
MM INDICATES DATA IS MISSING.
T  INDICATES TRACE AMOUNT.

$$
