000
CXUS54 KFWD 010830
CF60F2
PRELIMINARY LOCAL CLIMATOLOGICAL DATA (WS FORM: F-6)
STATION: BOWIE
MONTH: JANUARY
YEAR: 2022
LATITUDE: 33 36 N
LONGITUDE: 97 47 W
TEMPERATURE IN F: :PCPN: SNOW: WIND :SUNSHINE: SKY :PK WND
================================================================================
1 2 3 4 5 6A 6B 7 8 9 10 11 12 13 14 15 16 17 18
12Z AVG MX 2MIN
DY MAX MIN AVG DEP HDD CDD WTR SNW DPTH SPD SPD DIR MIN PSBL S-S WX SPD DR
================================================================================
1 65 17 41 0 24 0 0.01 M M 12.0 22 340 M M 8 1 32 230
2 36 14 25 -16 40 0 0.00 M M 11.3 20 320 M M 2 26 320
3 56 16 36 -5 29 0 0.00 M M 4.6 10 180 M M 0 17 200
4 65 29 47 6 18 0 0.00 M M 8.4 21 200 M M 0 30 200
5 59 32 46 5 19 0 0.00 M M 4.7 12 30 M M 0 22 40
6 35 20 28 -13 37 0 0.00 M M 11.0 20 360 M M 0 26 10
7 43 15 29 -12 36 0 0.00 M M 7.2 16 160 M M 3 25 160
8 59 42 51 10 14 0 0.00 M M 11.8 15 160 M M 10 1 23 160
9 59 33 46 5 19 0 0.00 M M 12.8 21 360 M M 5 1 29 360
10 54 21 38 -3 27 0 0.00 M M 3.5 8 330 M M 0 M M
11 58 22 40 -1 25 0 0.00 M M 3.6 13 180 M M 0 21 220
12 66 29 48 7 17 0 0.00 M M 3.6 10 210 M M 0 M M
13 74 35 55 14 10 0 0.00 M M 4.5 12 320 M M 0 20 330
14 73 40 57 16 8 0 0.00 M M 8.3 33 340 M M 0 43 340
15 41 29 35 -6 30 0 0.00 M M 22.1 33 340 M M 7 45 340
16 53 19 36 -5 29 0 0.00 M M 5.0 13 320 M M 0 M M
17 63 25 44 3 21 0 0.00 M M 4.2 10 180 M M 0 16 180
18 77 37 57 16 8 0 0.00 M M 9.4 20 190 M M 0 56 150
19 56 29 43 2 22 0 0.00 M M 12.1 21 360 M M 5 29 360
20 31 19 25 -17 40 0 0.00 M M 13.0 20 10 M M 6 30 360
21 44 12 28 -14 37 0 0.00 M M 2.9 6 160 M M 2 M M
22 52 19 36 -6 29 0 0.00 M M 1.2 7 170 M M 0 M M
23 64 24 44 2 21 0 0.00 M M 4.5 12 290 M M 0 20 280
24 60 30 45 3 20 0 0.00 M M 3.6 9 240 M M 0 M M
25 57 32 45 3 20 0 0.00 M M 6.5 9 30 M M 0 1 17 50
26 47 25 36 -6 29 0 0.02 M M 3.5 8 30 M M 3 M M
27 46 28 37 -5 28 0 0.00 M M 4.4 10 290 M M 7 M M
28 54 26 40 -2 25 0 0.00 M M 7.0 18 330 M M 0 24 310
29 67 21 44 2 21 0 0.00 M M 5.2 15 250 M M 0 22 230
30 69 31 50 8 15 0 0.00 M M 3.0 8 230 M M 0 M M
31 71 38 55 13 10 0 0.00 M M 6.1 14 170 M M 1 21 180
================================================================================
SM 1754 809 728 0 0.03 M 221.1 M 59
================================================================================
AV 56.6 26.1 7.1 FASTST M M 2 MAX(MPH)
MISC ----> # 33 340 56 150
================================================================================
NOTES:
# LAST OF SEVERAL OCCURRENCES
COLUMN 17 PEAK WIND IN M.P.H.
PRELIMINARY LOCAL CLIMATOLOGICAL DATA (WS FORM: F-6) , PAGE 2
STATION: BOWIE
MONTH: JANUARY
YEAR: 2022
LATITUDE: 33 36 N
LONGITUDE: 97 47 W
[TEMPERATURE DATA] [PRECIPITATION DATA] SYMBOLS USED IN COLUMN 16
AVERAGE MONTHLY: 41.3 TOTAL FOR MONTH: 0.03 1 = FOG OR MIST
DPTR FM NORMAL: -0.1 DPTR FM NORMAL: -1.42 2 = FOG REDUCING VISIBILITY
HIGHEST: 77 ON 18 GRTST 24HR 0.02 ON 26-26 TO 1/4 MILE OR LESS
LOWEST: 12 ON 21 3 = THUNDER
SNOW, ICE PELLETS, HAIL 4 = ICE PELLETS
TOTAL MONTH: M 5 = HAIL
GRTST 24HR M ON M 6 = FREEZING RAIN OR DRIZZLE
GRTST DEPTH: M ON M 7 = DUSTSTORM OR SANDSTORM:
VSBY 1/2 MILE OR LESS
8 = SMOKE OR HAZE
[NO. OF DAYS WITH] [WEATHER - DAYS WITH] 9 = BLOWING SNOW
X = TORNADO
MAX 32 OR BELOW: 1 0.01 INCH OR MORE: 2
MAX 90 OR ABOVE: 0 0.10 INCH OR MORE: 0
MIN 32 OR BELOW: 25 0.50 INCH OR MORE: 0
MIN 0 OR BELOW: 0 1.00 INCH OR MORE: 0
[HDD (BASE 65) ]
TOTAL THIS MO. 728 CLEAR (SCALE 0-3) 23
DPTR FM NORMAL -5 PTCLDY (SCALE 4-7) 6
TOTAL FM JUL 1 1367 CLOUDY (SCALE 8-10) 2
DPTR FM NORMAL -584
[CDD (BASE 65) ]
TOTAL THIS MO. 0
DPTR FM NORMAL 0 [PRESSURE DATA]
TOTAL FM JAN 1 0 HIGHEST SLP M ON M
DPTR FM NORMAL 0 LOWEST SLP M ON M
[REMARKS]
#FINAL-01-22#