000
CXUS54 KMAF 011729
CF66R6
PRELIMINARY LOCAL CLIMATOLOGICAL DATA (WS FORM: F-6)
STATION: TERRELL COUNTY AIRPORT
MONTH: NOVEMBER
YEAR: 2023
LATITUDE: 30 2 N
LONGITUDE: 102 13 W
TEMPERATURE IN F: :PCPN: SNOW: WIND :SUNSHINE: SKY :PK WND
================================================================================
1 2 3 4 5 6A 6B 7 8 9 10 11 12 13 14 15 16 17 18
12Z AVG MX 2MIN
DY MAX MIN AVG DEP HDD CDD WTR SNW DPTH SPD SPD DIR MIN PSBL S-S WX SPD DR
================================================================================
1 63 33 48 -15 17 0 0.00 M M 6.3 15 140 M M 0 20 160
2 68 38 53 -10 12 0 0.00 M M 6.6 13 130 M M 0 18 120
3 73 41 57 -5 8 0 0.00 M M 6.4 12 120 M M 0 16 130
4 77 49 63 1 2 0 0.00 M M 6.4 13 120 M M 0 20 150
5 75 53 64 2 1 0 0.00 M M 5.2 10 130 M M 0 15 150
6 84 52 68 7 0 3 0.00 M M 6.0 13 120 M M 0 17 150
7 87 52 70 9 0 5 0.00 M M 7.1 15 190 M M 0 21 200
8 82 54 68 7 0 3 0.00 M M 5.0 10 350 M M 0 13 20
9 68 50 59 -1 6 0 0.20 M M 8.3 18 350 M M 0 26 350
10 50 47 49 -11 16 0 0.17 M M 9.5 15 20 M M 0 24 20
11 54 49 52 -7 13 0 0.00 M M 8.3 15 350 M M 0 22 360
12 56 53 55 -4 10 0 0.10 M M 5.4 10 60 M M 0 13 80
13 56 52 54 -5 11 0 1.35 M M 7.6 15 50 M M 0 20 40
14 57 51 54 -4 11 0 0.03 M M 2.6 7 200 M M 0 9 80
15 68 52 60 2 5 0 0.00 M M 4.1 9 130 M M 0 12 130
16 68 47 58 0 7 0 0.00 M M 4.1 9 130 M M 0 14 180
17 83 55 69 12 0 4 0.00 M M 7.0 15 350 M M 0 22 10
18 67 54 61 4 4 0 0.00 M M 4.8 12 120 M M 0 16 100
19 76 55 66 9 0 1 0.00 M M 4.9 13 160 M M 0 16 140
20 71 51 61 5 4 0 0.00 M M 9.8 25 320 M M 0 37 290
21 60 41 51 -5 14 0 0.00 M M 10.4 21 20 M M 0 30 360
22 64 36 50 -6 15 0 0.00 M M 5.6 10 300 M M 0 12 170
23 65 35 50 -5 15 0 0.00 M M 6.9 12 230 M M 0 17 130
24 64 39 52 -3 13 0 0.00 M M 8.2 14 100 M M 0 20 60
25 61 48 55 0 10 0 0.01 M M 6.9 12 130 M M 0 18 110
26 54 44 49 -5 16 0 0.00 M M 8.6 23 360 M M 0 34 10
27 53 39 46 -8 19 0 0.00 M M 5.6 14 100 M M 0 20 90
28 60 37 49 -5 16 0 0.00 M M 6.2 9 110 M M 0 15 100
29 59 40 50 -4 15 0 0.00 M M 8.4 16 110 M M 0 21 100
30 76 47 62 9 3 0 0.00 M M 5.0 16 280 M M 0 24 270
================================================================================
SM 1999 1394 263 16 1.86 M 197.2 M 0
================================================================================
AV 66.6 46.5 6.6 FASTST M M 0 MAX(MPH)
MISC ----> 25 320 37 290
================================================================================
NOTES:
# LAST OF SEVERAL OCCURRENCES
COLUMN 17 PEAK WIND IN M.P.H.
PRELIMINARY LOCAL CLIMATOLOGICAL DATA (WS FORM: F-6) , PAGE 2
STATION: TERRELL COUNTY AIRPORT
MONTH: NOVEMBER
YEAR: 2023
LATITUDE: 30 2 N
LONGITUDE: 102 13 W
[TEMPERATURE DATA] [PRECIPITATION DATA] SYMBOLS USED IN COLUMN 16
AVERAGE MONTHLY: 56.6 TOTAL FOR MONTH: 1.86 1 = FOG OR MIST
DPTR FM NORMAL: -1.5 DPTR FM NORMAL: 1.33 2 = FOG REDUCING VISIBILITY
HIGHEST: 87 ON 7 GRTST 24HR 1.42 ON 12-13 TO 1/4 MILE OR LESS
LOWEST: 33 ON 1 3 = THUNDER
SNOW, ICE PELLETS, HAIL 4 = ICE PELLETS
TOTAL MONTH: M 5 = HAIL
GRTST 24HR M ON M 6 = FREEZING RAIN OR DRIZZLE
GRTST DEPTH: M ON M 7 = DUSTSTORM OR SANDSTORM:
VSBY 1/2 MILE OR LESS
8 = SMOKE OR HAZE
[NO. OF DAYS WITH] [WEATHER - DAYS WITH] 9 = BLOWING SNOW
X = TORNADO
MAX 32 OR BELOW: 0 0.01 INCH OR MORE: 6
MAX 90 OR ABOVE: 0 0.10 INCH OR MORE: 4
MIN 32 OR BELOW: 0 0.50 INCH OR MORE: 1
MIN 0 OR BELOW: 0 1.00 INCH OR MORE: 1
[HDD (BASE 65) ]
TOTAL THIS MO. 263 CLEAR (SCALE 0-3) 30
DPTR FM NORMAL 31 PTCLDY (SCALE 4-7) 0
TOTAL FM JUL 1 315 CLOUDY (SCALE 8-10) 0
DPTR FM NORMAL 35
[CDD (BASE 65) ]
TOTAL THIS MO. 16
DPTR FM NORMAL -4 [PRESSURE DATA]
TOTAL FM JAN 1 3330 HIGHEST SLP 30.45 ON 1
DPTR FM NORMAL 399 LOWEST SLP 29.64 ON 20
[REMARKS]
#FINAL-11-23#