000
CXUS53 KABR 011330
CLM8D3
CLIMATE REPORT
NATIONAL WEATHER SERVICE ABERDEEN SD
830 AM CDT FRI SEP 01 2023
...................................
...THE SISSETON SD CLIMATE SUMMARY FOR THE MONTH OF AUGUST 2023...
CLIMATE NORMAL PERIOD 1991 TO 2020
CLIMATE RECORD PERIOD 1900 TO 2023
WEATHER OBSERVED NORMAL DEPART LAST YEAR`S
VALUE DATE(S) VALUE FROM VALUE DATE(S)
NORMAL
................................................................
TEMPERATURE (F)
RECORD
HIGH 108 08/10/1947
LOW 35 08/21/2004
HIGHEST 95 08/22 82 13 96 08/02
08/05
LOWEST 48 08/30 MM MM 49 08/08
08/26
AVG. MAXIMUM 82.5 80.9 1.6 82.2
AVG. MINIMUM 59.2 56.9 2.3 60.0
MEAN 70.8 68.9 1.9 71.1
DAYS MAX >= 90 4 3.0 1.0 2
DAYS MAX <= 32 0 0.0 0.0 0
DAYS MIN <= 32 0 0.0 0.0 0
DAYS MIN <= 0 0 0.0 0.0 0
PRECIPITATION (INCHES)
RECORD
MAXIMUM 7.98 2021
MINIMUM 0.14 1969
TOTALS 6.45 2.61 3.84 3.49
DAYS >= .01 5 9.6 -4.6 8
DAYS >= .10 5 4.2 0.8 3
DAYS >= .50 4 1.3 2.7 2
DAYS >= 1.00 3 0.7 2.3 1
SNOWFALL (INCHES)
RECORDS
TOTAL MM 0
SNOW DEPTH MM MM
TOTALS 0.0 0.0 0.0 0.0
SINCE 7/1 0.0 0.0 0.0 MM
SNOWDEPTH AVG. 0 0
DAYS >= TRACE 0 0.0 0.0 0
DAYS >= 1.0 0 0.0 0.0 0
GREATEST
SNOW DEPTH 0 0 MM
DEGREE DAYS
HEATING TOTAL 3 28 -25 5
SINCE 7/1 28 36 -8 MM
COOLING TOTAL 191 149 42 201
SINCE 1/1 700 509 191 MM
FREEZE DATES
RECORD
EARLIEST MM
LATEST MM
EARLIEST MM
LATEST 04/26
................................................................
WIND (MPH)
AVERAGE WIND SPEED 7.3
RESULTANT WIND SPEED/DIRECTION 1/310
HIGHEST WIND SPEED/DIRECTION 29/320 DATE 08/16
HIGHEST GUST SPEED/DIRECTION 42/330 DATE 08/16
SKY COVER
POSSIBLE SUNSHINE (PERCENT) MM
AVERAGE SKY COVER 0.00
NUMBER OF DAYS FAIR 31
NUMBER OF DAYS PC 0
NUMBER OF DAYS CLOUDY 0
AVERAGE RH (PERCENT) 73
WEATHER CONDITIONS. NUMBER OF DAYS WITH
THUNDERSTORM 0 MIXED PRECIP 0
HEAVY RAIN 0 RAIN 0
LIGHT RAIN 0 FREEZING RAIN 0
LT FREEZING RAIN 0 HAIL 0
HEAVY SNOW 0 SNOW 0
LIGHT SNOW 0 SLEET 0
FOG 0 FOG W/VIS <= 1/4 MILE 0
HAZE 0
- INDICATES NEGATIVE NUMBERS.
R INDICATES RECORD WAS SET OR TIED.
MM INDICATES DATA IS MISSING.
T INDICATES TRACE AMOUNT.
$$