000
CXUS52 KTAE 030401
CLMAAF
CLIMATE REPORT
NATIONAL WEATHER SERVICE TALLAHASSEE FL
1201 AM EDT FRI NOV 03 2023
...................................
...THE APALACHICOLA CLIMATE SUMMARY FOR THE MONTH OF OCTOBER 2023...
CLIMATE NORMAL PERIOD 1991 TO 2020
CLIMATE RECORD PERIOD 1931 TO 2023
WEATHER OBSERVED NORMAL DEPART LAST YEAR`S
VALUE DATE(S) VALUE FROM VALUE DATE(S)
NORMAL
................................................................
TEMPERATURE (F)
RECORD
HIGH 93 10/08/1941
LOW 33 10/31/1993
HIGHEST 86 10/01 90 -4 89 10/08
10/02
10/22
LOWEST 47 10/17 MM MM 36 10/20
AVG. MAXIMUM 80.1 80.7 -0.6 79.9
AVG. MINIMUM 60.6 62.3 -1.7 56.4
MEAN 70.3 71.5 -1.2 68.2
DAYS MAX >= 90 0 0.3 -0.3 0
DAYS MAX <= 32 0 0.0 0.0 0
DAYS MIN <= 32 0 0.0 0.0 0
DAYS MIN <= 0 0 0.0 0.0 0
PRECIPITATION (INCHES)
RECORD
MAXIMUM 20.52 1996
MINIMUM MM
TOTALS 2.88 3.63 -0.75 0.30
DEGREE DAYS
HEATING TOTAL 17 24 -7 46
SINCE 7/1 17 20 -3 MM
COOLING TOTAL 189 225 -36 151
SINCE 1/1 2970 2663 307 MM
................................................................
WIND (MPH)
AVERAGE WIND SPEED 6.5
HIGHEST WIND SPEED/DIRECTION 23/060 DATE 10/11
23/240 10/12
HIGHEST GUST SPEED/DIRECTION 39/070 DATE 10/11
SKY COVER
POSSIBLE SUNSHINE (PERCENT) MM
AVERAGE SKY COVER 0.05
NUMBER OF DAYS FAIR 30
NUMBER OF DAYS PC 1
NUMBER OF DAYS CLOUDY 0
AVERAGE RH (PERCENT) 73
WEATHER CONDITIONS. NUMBER OF DAYS WITH
THUNDERSTORM 0 MIXED PRECIP 0
HEAVY RAIN 2 RAIN 1
LIGHT RAIN 3 FREEZING RAIN 0
LT FREEZING RAIN 0 HAIL 0
HEAVY SNOW 0 SNOW 0
LIGHT SNOW 0 SLEET 0
FOG 8 FOG W/VIS <= 1/4 MILE 0
HAZE 2
- INDICATES NEGATIVE NUMBERS.
R INDICATES RECORD WAS SET OR TIED.
MM INDICATES DATA IS MISSING.
T INDICATES TRACE AMOUNT.
$$