000
CXUS56 KMFR 011030
CF6AAT
PRELIMINARY LOCAL CLIMATOLOGICAL DATA (WS FORM: F-6)
STATION: ALTURAS CA
MONTH: FEBRUARY
YEAR: 2024
LATITUDE: 41 29 N
LONGITUDE: 120 34 W
TEMPERATURE IN F: :PCPN: SNOW: WIND :SUNSHINE: SKY :PK WND
================================================================================
1 2 3 4 5 6A 6B 7 8 9 10 11 12 13 14 15 16 17 18
12Z AVG MX 2MIN
DY MAX MIN AVG DEP HDD CDD WTR SNW DPTH SPD SPD DIR MIN PSBL S-S WX SPD DR
================================================================================
1 47 26 37 4 28 0 T M M 6.4 15 280 M M 6 1 23 280
2 43 27 35 2 30 0 0.18 M M 4.0 22 260 M M 7 12 30 270
3 39 21 30 -3 35 0 0.02 M M 2.3 9 10 M M 7 18 13 360
4 43 21 32 -1 33 0 0.04 M M 5.8 26 150 M M 7 18 39 140
5 45 27 36 2 29 0 0.07 M M 12.7 24 170 M M 3 1 35 170
6 41 21 31 -3 34 0 0.00 M M 2.5 13 310 M M 6 18 18 310
7 36 29 33 -1 32 0 0.07 M M 1.3 7 280 M M 10 1 9 270
8 36 28 32 -2 33 0 T M M 4.6 12 300 M M 9 8 15 260
9 36 26 31 -3 34 0 T M M 6.0 14 320 M M 9 20 340
10 43 16 30 -4 35 0 0.00 M M 1.4 7 150 M M 1 18 10 110
11 50 19 35 1 30 0 0.00 M M 3.4 12 270 M M 0 18 14 270
12 53 20 37 3 28 0 0.00 M M 1.8 12 340 M M 0 18 17 340
13 45 20 33 -1 32 0 0.00 M M 2.9 16 270 M M 2 18 20 270
14 43 22 33 -1 32 0 0.25 M M 5.9 22 190 M M 8 1 32 180
15 43 29 36 1 29 0 T M M 8.0 20 240 M M 10 28 260
16 50 31 41 6 24 0 0.00 M M 2.9 12 180 M M 4 1 15 180
17 49 37 43 8 22 0 0.19 M M 7.5 20 170 M M 9 1 29 190
18 48 32 40 5 25 0 0.05 M M 8.7 26 190 M M 6 37 160
19 50 34 42 7 23 0 0.77 M M 11.5 32 200 M M 7 1 47 200
20 45 34 40 4 25 0 0.07 M M 10.4 22 180 M M 8 1 33 170
21 47 31 39 3 26 0 0.00 M M 4.4 18 270 M M 8 1 24 260
22 50 23 37 1 28 0 0.00 M M 3.5 13 180 M M 2 128 20 160
23 56 20 38 2 27 0 0.00 M M 2.0 10 180 M M 0 18 15 180
24 58 22 40 4 25 0 0.00 M M 2.7 9 270 M M 0 18 15 260
25 57 20 39 3 26 0 0.00 M M 5.1 22 250 M M 0 18 30 240
26 45 25 35 -2 30 0 0.08 M M 13.9 31 240 M M 7 1 47 250
27 40 16 28 -9 37 0 0.00 M M 2.2 9 280 M M 2 18 13 270
28 54 18 36 -1 29 0 0.00 M M 4.9 18 240 M M 1 18 26 240
29 50 24 37 0 28 0 0.36 M M 16.7 41 190 M M 7 1 57 190
================================================================================
SM 1342 719 849 0 2.15 M 165.4 M 146
================================================================================
AV 46.3 24.8 5.7 FASTST M M 5 MAX(MPH)
MISC ----> 41 190 57 190
================================================================================
NOTES:
# LAST OF SEVERAL OCCURRENCES
COLUMN 17 PEAK WIND IN M.P.H.
PRELIMINARY LOCAL CLIMATOLOGICAL DATA (WS FORM: F-6) , PAGE 2
STATION: ALTURAS CA
MONTH: FEBRUARY
YEAR: 2024
LATITUDE: 41 29 N
LONGITUDE: 120 34 W
[TEMPERATURE DATA] [PRECIPITATION DATA] SYMBOLS USED IN COLUMN 16
AVERAGE MONTHLY: 35.5 TOTAL FOR MONTH: 2.15 1 = FOG OR MIST
DPTR FM NORMAL: 0.7 DPTR FM NORMAL: 1.06 2 = FOG REDUCING VISIBILITY
HIGHEST: 58 ON 24 GRTST 24HR 0.82 ON 18-19 TO 1/4 MILE OR LESS
LOWEST: 16 ON 27,10 3 = THUNDER
SNOW, ICE PELLETS, HAIL 4 = ICE PELLETS
TOTAL MONTH: M 5 = HAIL
GRTST 24HR M ON M 6 = FREEZING RAIN OR DRIZZLE
GRTST DEPTH: M ON M 7 = DUSTSTORM OR SANDSTORM:
VSBY 1/2 MILE OR LESS
8 = SMOKE OR HAZE
[NO. OF DAYS WITH] [WEATHER - DAYS WITH] 9 = BLOWING SNOW
X = TORNADO
MAX 32 OR BELOW: 0 0.01 INCH OR MORE: 12
MAX 90 OR ABOVE: 0 0.10 INCH OR MORE: 5
MIN 32 OR BELOW: 26 0.50 INCH OR MORE: 1
MIN 0 OR BELOW: 0 1.00 INCH OR MORE: 0
[HDD (BASE 65) ]
TOTAL THIS MO. 849 CLEAR (SCALE 0-3) 11
DPTR FM NORMAL 3 PTCLDY (SCALE 4-7) 11
TOTAL FM JUL 1 4201 CLOUDY (SCALE 8-10) 7
DPTR FM NORMAL -446
[CDD (BASE 65) ]
TOTAL THIS MO. 0
DPTR FM NORMAL 0 [PRESSURE DATA]
TOTAL FM JAN 1 0 HIGHEST SLP 30.38 ON 23
DPTR FM NORMAL 0 LOWEST SLP 29.45 ON 4
[REMARKS]
#FINAL-02-24#