067
CXUS54 KSJT 011844
CF6ABI
PRELIMINARY LOCAL CLIMATOLOGICAL DATA (WS FORM: F-6)
STATION: ABILENE
MONTH: AUGUST
YEAR: 2020
LATITUDE: 32 25 N
LONGITUDE: 99 41 W
TEMPERATURE IN F: :PCPN: SNOW: WIND :SUNSHINE: SKY :PK WND
================================================================================
1 2 3 4 5 6A 6B 7 8 9 10 11 12 13 14 15 16 17 18
12Z AVG MX 2MIN
DY MAX MIN AVG DEP HDD CDD WTR SNW DPTH SPD SPD DIR MIN PSBL S-S WX SPD DR
================================================================================
1 94 63 79 -5 0 14 0.00 0.0 0 5.0 13 80 M M 1 16 80
2 98 66 82 -2 0 17 0.00 0.0 0 5.3 14 70 M M 0 19 90
3 85 72 79 -5 0 14 0.08 0.0 0 5.8 15 300 M M 3 1 22 280
4 99 68 84 0 0 19 0.00 0.0 0 9.1 16 220 M M 1 24 190
5 101 77 89 5 0 24 0.00 0.0 0 9.1 18 180 M M 0 30 180
6 100 77 89 5 0 24 0.00 0.0 0 13.0 22 200 M M 0 33 170
7 99 77 88 4 0 23 0.00 0.0 0 14.0 23 190 M M 0 31 240
8 99 78 89 5 0 24 0.00 0.0 0 12.3 20 160 M M 0 30 140
9 100 74 87 3 0 22 0.00 0.0 0 13.6 22 170 M M 0 31 140
10 101 76 89 5 0 24 0.00 0.0 0 14.6 26 200 M M 0 38 210
11 101 79 90 6 0 25 0.00 0.0 0 12.3 23 200 M M 0 30 180
12 104 80 92 8 0 27 0.00 0.0 0 11.8 20 140 M M 0 26 160
13 105 80 93 9 0 28 0.00 0.0 0 12.9 21 210 M M 0 29 200
14 108 81 95 12 0 30 0.05 0.0 0 11.2 31 350 M M 0 43 10
15 106 78 92 9 0 27 0.00 0.0 0 6.9 18 80 M M 0 25 120
16 104 68 86 3 0 21 0.00 0.0 0 7.6 40 360 M M 1 8 57 360
17 94 68 81 -2 0 16 0.00 0.0 0 7.7 22 150 M M 0 29 160
18 96 69 83 0 0 18 0.00 0.0 0 5.7 17 30 M M 1 25 40
19 97 67 82 -1 0 17 0.00 0.0 0 7.2 16 80 M M 0 23 80
20 86 68 77 -6 0 12 T 0.0 0 6.3 15 140 M M 2 18 140
21 96 64 80 -2 0 15 0.00 0.0 0 7.9 17 110 M M 0 23 120
22 95 71 83 1 0 18 0.00 0.0 0 10.9 21 160 M M 2 29 160
23 95 69 82 0 0 17 0.00 0.0 0 8.4 17 130 M M 0 23 70
24 97 68 83 1 0 18 0.00 0.0 0 6.9 16 110 M M 1 22 80
25 96 70 83 1 0 18 0.00 0.0 0 7.3 16 110 M M 1 20 150
26 96 68 82 0 0 17 0.00 0.0 0 6.9 17 120 M M 1 22 120
27 100 71 86 5 0 21 0.00 0.0 0 6.6 15 160 M M 1 21 170
28 107 78 93 12 0 28 0.00 0.0 0 10.4 18 200 M M 1 28 220
29 105 83 94 13 0 29 0.00 0.0 0 8.6 20 120 M M 2 30 120
30 102 73 88 7 0 23 0.00 0.0 0 12.3 21 140 M M 1 32 170
31 102 75 89 9 0 24 T 0.0 0 12.2 24 300 M M 2 13 34 310
================================================================================
SM 3068 2256 0 654 0.13 0.0 289.8 M 21
================================================================================
AV 99.0 72.8 9.3 FASTST M M 1 MAX(MPH)
MISC ----> # 40 360 # 57 360
================================================================================
NOTES:
# LAST OF SEVERAL OCCURRENCES
COLUMN 17 PEAK WIND IN M.P.H.
PRELIMINARY LOCAL CLIMATOLOGICAL DATA (WS FORM: F-6) , PAGE 2
STATION: ABILENE
MONTH: AUGUST
YEAR: 2020
LATITUDE: 32 25 N
LONGITUDE: 99 41 W
[TEMPERATURE DATA] [PRECIPITATION DATA] SYMBOLS USED IN COLUMN 16
AVERAGE MONTHLY: 85.9 TOTAL FOR MONTH: 0.13 1 = FOG OR MIST
DPTR FM NORMAL: 3.1 DPTR FM NORMAL: -2.46 2 = FOG REDUCING VISIBILITY
HIGHEST: 108 ON 14 GRTST 24HR 0.08 ON 3- 3 TO 1/4 MILE OR LESS
LOWEST: 63 ON 1 3 = THUNDER
SNOW, ICE PELLETS, HAIL 4 = ICE PELLETS
TOTAL MONTH: 0.0 INCH 5 = HAIL
GRTST 24HR 0.0 6 = FREEZING RAIN OR DRIZZLE
GRTST DEPTH: 0 7 = DUSTSTORM OR SANDSTORM:
VSBY 1/2 MILE OR LESS
8 = SMOKE OR HAZE
[NO. OF DAYS WITH] [WEATHER - DAYS WITH] 9 = BLOWING SNOW
X = TORNADO
MAX 32 OR BELOW: 0 0.01 INCH OR MORE: 2
MAX 90 OR ABOVE: 29 0.10 INCH OR MORE: 0
MIN 32 OR BELOW: 0 0.50 INCH OR MORE: 0
MIN 0 OR BELOW: 0 1.00 INCH OR MORE: 0
[HDD (BASE 65) ]
TOTAL THIS MO. 0 CLEAR (SCALE 0-3) 30
DPTR FM NORMAL 0 PTCLDY (SCALE 4-7) 1
TOTAL FM JUL 1 0 CLOUDY (SCALE 8-10) 0
DPTR FM NORMAL 0
[CDD (BASE 65) ]
TOTAL THIS MO. 654
DPTR FM NORMAL 102 [PRESSURE DATA]
TOTAL FM JAN 1 2315 HIGHEST SLP M ON M
DPTR FM NORMAL 370 LOWEST SLP 29.59 ON 31
[REMARKS]
#FINAL-08-20#