000
CXUS55 KABQ 190120
CF6ABQ
PRELIMINARY LOCAL CLIMATOLOGICAL DATA (WS FORM: F-6)
STATION: ALBUQUERQUE NM
MONTH: JANUARY
YEAR: 2021
LATITUDE: 35 2 N
LONGITUDE: 106 37 W
TEMPERATURE IN F: :PCPN: SNOW: WIND :SUNSHINE: SKY :PK WND
================================================================================
1 2 3 4 5 6A 6B 7 8 9 10 11 12 13 14 15 16 17 18
12Z AVG MX 2MIN
DY MAX MIN AVG DEP HDD CDD WTR SNW DPTH SPD SPD DIR MIN PSBL S-S WX SPD DR
================================================================================
1 45 20 33 -3 32 0 0.00 0.0 0 5.6 17 10 M M 6 20 20
2 46 19 33 -3 32 0 0.00 0.0 0 6.4 16 350 M M 3 24 350
3 49 26 38 2 27 0 0.00 0.0 0 6.2 17 360 M M 3 25 340
4 51 27 39 3 26 0 0.00 0.0 0 4.5 16 350 M M 1 24 340
5 57 26 42 6 23 0 0.00 0.0 0 9.2 25 330 M M 2 37 330
6 49 23 36 0 29 0 0.00 0.0 0 6.9 17 340 M M 1 24 340
7 52 25 39 3 26 0 0.00 0.0 0 2.8 12 330 M M 4 14 330
8 52 27 40 4 25 0 0.00 0.0 0 6.2 15 80 M M 5 18 80
9 41 28 35 -2 30 0 T T 0 13.8 37 90 M M 8 1 49 90
10 37 23 30 -7 35 0 0.00 0.0 0 7.8 21 110 M M 5 31 80
11 42 17 30 -7 35 0 0.00 0.0 0 2.3 9 140 M M 0 11 360
12 47 17 32 -5 33 0 0.00 0.0 0 5.0 14 350 M M 1 20 360
13 55 23 39 2 26 0 0.00 0.0 0 9.6 21 360 M M 4 27 330
14 56 39 48 11 17 0 0.00 0.0 0 16.7 28 330 M M 6 39 330
15 56 33 45 8 20 0 0.00 0.0 0 12.4 24 10 M M 2 30 360
16 57 28 43 6 22 0 0.00 0.0 0 7.0 22 330 M M 3 32 330
17 57 27 42 5 23 0 0.00 0.0 0 2.8 13 210 M M 4 16 210
18 55 27 41 3 24 0 0.00 0.0 0 11.1 35 90 M M 5 49 80
19 39 32 36 -2 29 0 T T 0 23.4 38 90 M M 9 52 100
20 40 29 35 -3 30 0 0.01 T 0 3.9 9 80 M M 8 1 12 340
21 54 30 42 4 23 0 T 0.0 0 4.4 16 330 M M 5 23 340
22 54 26 40 2 25 0 0.00 0.0 0 5.8 21 170 M M 5 27 160
23 56 35 46 8 19 0 0.00 0.0 0 7.6 20 210 M M 6 25 200
24 55 34 45 7 20 0 T 0.0 0 9.2 31 220 M M 9 43 180
25 41 26 34 -4 31 0 0.09 0.9 0 12.1 30 170 M M 7 1 38 160
26 35 19 27 -11 38 0 0.08 1.4 2 9.3 29 260 M M 7 125 42 260
27 39 14 27 -12 38 0 0.00 0.0 0 2.3 8 160 M M 2 11 10
28 45 23 34 -5 31 0 0.00 0.0 0 3.1 9 360 M M 8 12 10
29 55 26 41 2 24 0 T 0.0 0 9.4 39 260 M M 7 58 250
30 48 26 37 -2 28 0 0.00 0.0 0 11.4 26 270 M M 3 36 280
31 51 21 36 -3 29 0 0.00 0.0 0 4.6 16 10 M M 2 18 360
================================================================================
SM 1516 796 850 0 0.18 2.3 242.8 M 141
================================================================================
AV 48.9 25.7 7.8 FASTST M M 5 MAX(MPH)
MISC ----> 39 260 58 250
================================================================================
NOTES:
# LAST OF SEVERAL OCCURRENCES
COLUMN 17 PEAK WIND IN M.P.H.
PRELIMINARY LOCAL CLIMATOLOGICAL DATA (WS FORM: F-6) , PAGE 2
STATION: ALBUQUERQUE NM
MONTH: JANUARY
YEAR: 2021
LATITUDE: 35 2 N
LONGITUDE: 106 37 W
[TEMPERATURE DATA] [PRECIPITATION DATA] SYMBOLS USED IN COLUMN 16
AVERAGE MONTHLY: 37.3 TOTAL FOR MONTH: 0.18 1 = FOG OR MIST
DPTR FM NORMAL: -0.1 DPTR FM NORMAL: -0.18 2 = FOG REDUCING VISIBILITY
HIGHEST: 57 ON 17,16 GRTST 24HR 0.09 ON 25-25 TO 1/4 MILE OR LESS
LOWEST: 14 ON 27 3 = THUNDER
SNOW, ICE PELLETS, HAIL 4 = ICE PELLETS
TOTAL MONTH: 2.3 INCHES 5 = HAIL
GRTST 24HR 1.4 ON 26-26 6 = FREEZING RAIN OR DRIZZLE
GRTST DEPTH: 2 ON 26 7 = DUSTSTORM OR SANDSTORM:
VSBY 1/2 MILE OR LESS
8 = SMOKE OR HAZE
[NO. OF DAYS WITH] [WEATHER - DAYS WITH] 9 = BLOWING SNOW
X = TORNADO
MAX 32 OR BELOW: 0 0.01 INCH OR MORE: 3
MAX 90 OR ABOVE: 0 0.10 INCH OR MORE: 0
MIN 32 OR BELOW: 27 0.50 INCH OR MORE: 0
MIN 0 OR BELOW: 0 1.00 INCH OR MORE: 0
[HDD (BASE 65) ]
TOTAL THIS MO. 850 CLEAR (SCALE 0-3) 12
DPTR FM NORMAL -6 PTCLDY (SCALE 4-7) 16
TOTAL FM JUL 1 2468 CLOUDY (SCALE 8-10) 3
DPTR FM NORMAL -77
[CDD (BASE 65) ]
TOTAL THIS MO. 0
DPTR FM NORMAL 0 [PRESSURE DATA]
TOTAL FM JAN 1 0 HIGHEST SLP 30.50 ON 27
DPTR FM NORMAL 0 LOWEST SLP 29.55 ON 24
[REMARKS]
#FINAL-01-21#