000
CXUS55 KABQ 011309
CLMABQ
CLIMATE REPORT
NATIONAL WEATHER SERVICE ALBUQUERQUE NM
609 AM MST MON JAN 01 2024
...................................
...THE ALBUQUERQUE NM CLIMATE SUMMARY FOR THE MONTH OF DECEMBER 2023...
CLIMATE NORMAL PERIOD 1991 TO 2020
CLIMATE RECORD PERIOD 1891 TO 2023
WEATHER OBSERVED NORMAL DEPART LAST YEAR`S
VALUE DATE(S) VALUE FROM VALUE DATE(S)
NORMAL
................................................................
TEMPERATURE (F)
RECORD
HIGH 72 12/04/1958
12/23/1915
LOW -16 12/26/1911
HIGHEST 60 12/07 61 -1 60 12/05
LOWEST 21 12/10 11 10 16 12/17
12/28
AVG. MAXIMUM 49.7 47.3 2.4 49.3
AVG. MINIMUM 29.9 26.6 3.3 28.6
MEAN 39.8 36.9 2.9 39.0
DAYS MAX >= 90 0 0.0 0.0 0
DAYS MAX <= 32 0 1.1 -1.1 0
DAYS MIN <= 32 23 25.7 -2.7 23
DAYS MIN <= 0 0 0.0 0.0 0
PRECIPITATION (INCHES)
RECORD
MAXIMUM 1.85 1959
MINIMUM 0.00 1981
TOTALS 1.01 0.53 0.48 0.64
DAILY AVG. 0.03 0.02 0.01 0.02
DAYS >= .01 5 4.0 1.0 5
DAYS >= .10 2 1.7 0.3 1
DAYS >= .50 1 0.2 0.8 0
DAYS >= 1.00 0 0.0 0.0 0
GREATEST
24 HR. TOTAL 0.53 12/13 TO 12/14 0.50
SNOWFALL (INCHES)
RECORDS
TOTAL 23.7 1959
TOTALS T 2.8 -2.8 T
SINCE 7/1 1.0 4.0 -3.0 MM
SNOWDEPTH AVG. T 0
DAYS >= 1.0 0 0.8 -0.8 0
GREATEST
SNOW DEPTH MM 0 MM
24 HR TOTAL MM MM
DEGREE DAYS
HEATING TOTAL 774 870 -96 800
SINCE 7/1 1448 1688 -240 MM
COOLING TOTAL 0 0 0 0
SINCE 1/1 1790 1436 354 MM
................................................................
WIND (MPH)
AVERAGE WIND SPEED 6.7
HIGHEST WIND SPEED/DIRECTION 36/080 DATE 12/13
HIGHEST GUST SPEED/DIRECTION 43/080 DATE 12/13
SKY COVER
POSSIBLE SUNSHINE (PERCENT) MM
AVERAGE SKY COVER 0.42
NUMBER OF DAYS FAIR 14
NUMBER OF DAYS PC 11
NUMBER OF DAYS CLOUDY 6
AVERAGE RH (PERCENT) 55
WEATHER CONDITIONS. NUMBER OF DAYS WITH
THUNDERSTORM 2 MIXED PRECIP 0
HEAVY RAIN 1 RAIN 1
LIGHT RAIN 7 FREEZING RAIN 0
LT FREEZING RAIN 0 HAIL 0
HEAVY SNOW 0 SNOW 0
LIGHT SNOW 1 SLEET 0
FOG 4 FOG W/VIS <= 1/4 MILE 1
HAZE 0
- INDICATES NEGATIVE NUMBERS.
R INDICATES RECORD WAS SET OR TIED.
MM INDICATES DATA IS MISSING.
T INDICATES TRACE AMOUNT.
$$