000
CXUS53 KABR 011200
CF6ABR
PRELIMINARY LOCAL CLIMATOLOGICAL DATA (WS FORM: F-6)
STATION: ABERDEEN SD
MONTH: FEBRUARY
YEAR: 2024
LATITUDE: 45 27 N
LONGITUDE: 98 26 W
TEMPERATURE IN F: :PCPN: SNOW: WIND :SUNSHINE: SKY :PK WND
================================================================================
1 2 3 4 5 6A 6B 7 8 9 10 11 12 13 14 15 16 17 18
12Z AVG MX 2MIN
DY MAX MIN AVG DEP HDD CDD WTR SNW DPTH SPD SPD DIR MIN PSBL S-S WX SPD DR
================================================================================
1 47 28 38 24 27 0 0.00 0.0 T 7.2 12 60 M M 4 12 15 60
2 40 25 33 19 32 0 0.00 0.0 T 6.6 14 100 M M 5 1 17 140
3 44 34 39 25 26 0 0.00 0.0 T 6.7 13 80 M M 10 18 16 80
4 37 34 36 22 29 0 T 0.0 0 4.6 12 60 M M 10 12 14 60
5 38 33 36 22 29 0 0.00 0.0 0 10.5 16 170 M M 9 12 22 200
6 38 34 36 21 29 0 T 0.0 0 8.8 18 60 M M 9 12 23 60
7 52 35 44 29 21 0 0.00 0.0 0 9.5 18 170 M M 9 1 24 150
8 41 30 36 21 29 0 0.04 0.2 0 13.1 23 300 M M 10 1 33 300
9 33 30 32 17 33 0 T T T 14.3 21 330 M M 10 1 27 330
10 35 21 28 12 37 0 0.00 0.0 T 7.5 15 330 M M 8 8 19 330
11 45 16 31 15 34 0 0.00 0.0 0 9.5 21 250 M M 2 27 230
12 45 19 32 16 33 0 0.00 0.0 0 4.7 13 320 M M 0 16 10
13 43 22 33 16 32 0 T 0.0 0 7.4 18 190 M M 6 26 320
14 28 11 20 3 45 0 0.14 1.3 0 7.9 13 340 M M 6 12 18 330
15 31 1 16 -1 49 0 0.00 0.0 1 5.8 13 240 M M 3 16 230
16 22 6 14 -4 51 0 T T 1 13.3 22 350 M M 4 30 330
17 45 8 27 9 38 0 0.00 0.0 1 14.5 25 260 M M 0 34 260
18 36 14 25 7 40 0 0.00 0.0 0 6.9 15 330 M M 0 23 330
19 43 21 32 13 33 0 0.00 0.0 0 5.7 13 120 M M 3 17 120
20 49 16 33 14 32 0 0.00 0.0 0 4.0 9 200 M M 0 1 17 210
21 55 23 39 19 26 0 0.00 0.0 0 5.9 12 200 M M 0 18 14 200
22 53 24 39 19 26 0 0.00 0.0 0 8.4 21 330 M M 1 1 28 330
23 39 20 30 10 35 0 0.00 0.0 0 8.5 15 30 M M 5 23 310
24 60 21 41 20 24 0 0.00 0.0 0 12.8 24 270 M M 0 32 300
25 43 26 35 14 30 0 T T 0 7.8 18 290 M M 5 26 300
26 68 33 51 29 14 0 0.00 0.0 0 9.8 20 180 M M 2 27 180
27 44 4 24 2 41 0 T T 0 25.3 39 360 M M 7 8 54 350
28 27 -2 13 -10 52 0 0.00 0.0 T 8.1 15 200 M M 1 21 200
29 56 14 35 12 30 0 0.00 0.0 0 8.0 18 170 M M 0 24 160
================================================================================
SM 1237 601 957 0 0.18 1.5 263.1 M 129
================================================================================
AV 42.7 20.7 9.1 FASTST M M 4 MAX(MPH)
MISC ----> 39 360 54 350
================================================================================
NOTES:
# LAST OF SEVERAL OCCURRENCES
COLUMN 17 PEAK WIND IN M.P.H.
PRELIMINARY LOCAL CLIMATOLOGICAL DATA (WS FORM: F-6) , PAGE 2
STATION: ABERDEEN SD
MONTH: FEBRUARY
YEAR: 2024
LATITUDE: 45 27 N
LONGITUDE: 98 26 W
[TEMPERATURE DATA] [PRECIPITATION DATA] SYMBOLS USED IN COLUMN 16
AVERAGE MONTHLY: 31.7 TOTAL FOR MONTH: 0.18 1 = FOG OR MIST
DPTR FM NORMAL: 14.2 DPTR FM NORMAL: -0.44 2 = FOG REDUCING VISIBILITY
HIGHEST: 68 ON 26 GRTST 24HR 0.14 ON 14-14 TO 1/4 MILE OR LESS
LOWEST: -2 ON 28 3 = THUNDER
SNOW, ICE PELLETS, HAIL 4 = ICE PELLETS
TOTAL MONTH: 1.5 INCHES 5 = HAIL
GRTST 24HR 1.3 ON 14-14 6 = FREEZING RAIN OR DRIZZLE
GRTST DEPTH: 1 ON 17,16 7 = DUSTSTORM OR SANDSTORM:
VSBY 1/2 MILE OR LESS
8 = SMOKE OR HAZE
[NO. OF DAYS WITH] [WEATHER - DAYS WITH] 9 = BLOWING SNOW
X = TORNADO
MAX 32 OR BELOW: 4 0.01 INCH OR MORE: 2
MAX 90 OR ABOVE: 0 0.10 INCH OR MORE: 1
MIN 32 OR BELOW: 23 0.50 INCH OR MORE: 0
MIN 0 OR BELOW: 1 1.00 INCH OR MORE: 0
[HDD (BASE 65) ]
TOTAL THIS MO. 957 CLEAR (SCALE 0-3) 13
DPTR FM NORMAL -374 PTCLDY (SCALE 4-7) 9
TOTAL FM JUL 1 5103 CLOUDY (SCALE 8-10) 7
DPTR FM NORMAL -1199
[CDD (BASE 65) ]
TOTAL THIS MO. 0
DPTR FM NORMAL 0 [PRESSURE DATA]
TOTAL FM JAN 1 0 HIGHEST SLP 30.50 ON 16
DPTR FM NORMAL 0 LOWEST SLP 29.28 ON 27
[REMARKS]
#FINAL-02-24#