000
CXUS54 KFWD 010743
CLMACT
CLIMATE REPORT
NATIONAL WEATHER SERVICE FORT WORTH TX
243 AM CDT TUE AUG 01 2023
...................................
...THE WACO CLIMATE SUMMARY FOR THE MONTH OF JULY 2023...
CLIMATE NORMAL PERIOD 1991 TO 2020
CLIMATE RECORD PERIOD 1901 TO 2023
WEATHER OBSERVED NORMAL DEPART LAST YEAR`S
VALUE DATE(S) VALUE FROM VALUE DATE(S)
NORMAL
................................................................
TEMPERATURE (F)
RECORD
HIGH 114 07/23/2018
LOW 58 07/03/2013
HIGHEST 106 07/13 102 4 109 07/10
07/17
07/18
LOWEST 67 07/24 68 -1 72 07/15
AVG. MAXIMUM 101.1 96.7 4.4 103.7
AVG. MINIMUM 77.3 74.4 2.9 78.9
MEAN 89.2 85.6 3.6 91.3
DAYS MAX >= 90 31 29.1 1.9 31
DAYS MAX <= 32 0 0.0 0.0 0
DAYS MAX >= 100 23 30
DAYS MIN <= 32 0 0.0 0.0 0
DAYS MIN <= 0 0 0.0 0.0 0
DAYS MIN >= 80 4 16
PRECIPITATION (INCHES)
RECORD
MAXIMUM 8.95 1902
MINIMUM 0.00 2015
TOTALS T 1.82 -1.82 0.01
DAILY AVG. T 0.06 -0.06 0.00
DAYS >= .01 0 4.7 -4.7 1
DAYS >= .10 0 2.7 -2.7 0
DAYS >= .50 0 1.0 -1.0 0
DAYS >= 1.00 0 0.6 -0.6 0
GREATEST
24 HR. TOTAL T 07/12 TO 07/12 0.01
DEGREE DAYS
HEATING TOTAL 0 0 0 0
SINCE 7/1 0 0 0 MM
COOLING TOTAL 759 637 122 824
SINCE 1/1 1665 1606 59 MM
................................................................
WIND (MPH)
AVERAGE WIND SPEED 10.3
HIGHEST WIND SPEED/DIRECTION 26/170 DATE 07/12
HIGHEST GUST SPEED/DIRECTION 36/170 DATE 07/12
SKY COVER
POSSIBLE SUNSHINE (PERCENT) MM
AVERAGE SKY COVER 0.05
NUMBER OF DAYS FAIR 31
NUMBER OF DAYS PC 0
NUMBER OF DAYS CLOUDY 0
AVERAGE RH (PERCENT) 56
WEATHER CONDITIONS. NUMBER OF DAYS WITH
THUNDERSTORM 1 MIXED PRECIP 0
HEAVY RAIN 0 RAIN 0
LIGHT RAIN 1 FREEZING RAIN 0
LT FREEZING RAIN 0 HAIL 0
HEAVY SNOW 0 SNOW 0
LIGHT SNOW 0 SLEET 0
FOG 0 FOG W/VIS <= 1/4 MILE 0
HAZE 1
- INDICATES NEGATIVE NUMBERS.
R INDICATES RECORD WAS SET OR TIED.
MM INDICATES DATA IS MISSING.
T INDICATES TRACE AMOUNT.
$$