125
CXUS51 KPHI 010915
CF6ACY
PRELIMINARY LOCAL CLIMATOLOGICAL DATA (WS FORM: F-6)
STATION: ATLANTIC CITY NJ
MONTH: DECEMBER
YEAR: 2020
LATITUDE: 39 27 N
LONGITUDE: 74 34 W
TEMPERATURE IN F: :PCPN: SNOW: WIND :SUNSHINE: SKY :PK WND
================================================================================
1 2 3 4 5 6A 6B 7 8 9 10 11 12 13 14 15 16 17 18
12Z AVG MX 2MIN
DY MAX MIN AVG DEP HDD CDD WTR SNW DPTH SPD SPD DIR MIN PSBL S-S WX SPD DR
================================================================================
1 56 37 47 5 18 0 0.00 0.0 0 9.7 23 260 M M 4 33 250
2 45 33 39 -2 26 0 0.00 0.0 0 10.7 23 300 M M 5 35 290
3 54 30 42 1 23 0 0.00 0.0 0 7.9 15 280 M M 0 23 210
4 54 44 49 8 16 0 0.22 0.0 0 4.9 13 230 M M 6 1 18 220
5 49 38 44 4 21 0 1.07 0.0 0 15.8 29 310 M M 8 1 40 330
6 44 28 36 -4 29 0 0.00 0.0 0 11.5 24 300 M M 0 33 300
7 39 26 33 -7 32 0 0.00 0.0 0 7.2 13 330 M M 2 18 330
8 41 27 34 -5 31 0 0.00 0.0 0 11.1 24 320 M M 4 32 320
9 40 28 34 -5 31 0 T T 0 6.9 17 260 M M 4 8 23 270
10 52 27 40 1 25 0 0.00 0.0 0 6.9 21 320 M M 1 29 330
11 57 25 41 3 24 0 0.00 0.0 0 4.6 16 190 M M 0 128 22 220
12 59 38 49 11 16 0 T 0.0 0 8.4 17 200 M M 6 12 25 190
13 67 40 54 16 11 0 0.00 0.0 0 8.7 15 290 M M 2 22 220
14 45 33 39 2 26 0 0.57 0.0 0 8.2 21 330 M M 7 1 26 340
15 41 27 34 -3 31 0 0.00 0.0 0 8.3 21 330 M M 0 26 340
16 46 26 36 -1 29 0 1.48 0.0 0 16.6 33 70 M M 8 1 55 70
17 48 26 37 0 28 0 0.58 0.0 0 12.5 33 310 M M 9 1 45 300
18 39 23 31 -5 34 0 0.00 0.0 0 9.1 16 300 M M 1 23 300
19 37 19 28 -8 37 0 0.00 0.0 0 3.3 8 330 M M 0 11 350
20 41 25 33 -3 32 0 0.13 0.0 0 1.7 9 200 M M 7 12 14 190
21 44 31 38 2 27 0 0.00 0.0 0 4.5 13 300 M M 9 128 16 280
22 48 37 43 8 22 0 0.10 0.0 0 12.1 30 300 M M 7 1 38 280
23 46 24 35 0 30 0 0.00 0.0 0 4.9 12 160 M M 0 16 170
24 61 46 54 19 11 0 0.17 0.0 0 19.1 35 160 M M 7 1 59 140
25 62 28 45 10 20 0 0.76 T 0 15.0 39 200 M M 9 1 60 200
26 33 24 29 -6 36 0 0.00 0.0 0 11.8 21 280 M M 3 32 280
27 41 19 30 -4 35 0 0.00 0.0 0 3.1 12 150 M M 0 16 140
28 53 24 39 5 26 0 0.00 0.0 0 7.5 18 230 M M 5 27 220
29 42 21 32 -2 33 0 0.00 0.0 0 11.3 28 310 M M 0 42 300
30 47 19 33 -1 32 0 0.00 0.0 0 6.6 16 220 M M 2 24 220
31 53 35 44 10 21 0 T 0.0 0 11.6 22 230 M M 8 34 230
================================================================================
SM 1484 908 813 0 5.08 T 281.5 M 124
================================================================================
AV 47.9 29.3 9.1 FASTST M M 4 MAX(MPH)
MISC ----> 39 200 60 200
================================================================================
NOTES:
# LAST OF SEVERAL OCCURRENCES
COLUMN 17 PEAK WIND IN M.P.H.
PRELIMINARY LOCAL CLIMATOLOGICAL DATA (WS FORM: F-6) , PAGE 2
STATION: ATLANTIC CITY NJ
MONTH: DECEMBER
YEAR: 2020
LATITUDE: 39 27 N
LONGITUDE: 74 34 W
[TEMPERATURE DATA] [PRECIPITATION DATA] SYMBOLS USED IN COLUMN 16
AVERAGE MONTHLY: 38.6 TOTAL FOR MONTH: 5.08 1 = FOG OR MIST
DPTR FM NORMAL: 1.4 DPTR FM NORMAL: 1.39 2 = FOG REDUCING VISIBILITY
HIGHEST: 67 ON 13 GRTST 24HR 2.06 ON 16-17 TO 1/4 MILE OR LESS
LOWEST: 19 ON 30,27 3 = THUNDER
SNOW, ICE PELLETS, HAIL 4 = ICE PELLETS
TOTAL MONTH: T 5 = HAIL
GRTST 24HR T ON 9- 9 6 = FREEZING RAIN OR DRIZZLE
GRTST DEPTH: 0 7 = DUSTSTORM OR SANDSTORM:
VSBY 1/2 MILE OR LESS
8 = SMOKE OR HAZE
[NO. OF DAYS WITH] [WEATHER - DAYS WITH] 9 = BLOWING SNOW
X = TORNADO
MAX 32 OR BELOW: 0 0.01 INCH OR MORE: 9
MAX 90 OR ABOVE: 0 0.10 INCH OR MORE: 9
MIN 32 OR BELOW: 21 0.50 INCH OR MORE: 5
MIN 0 OR BELOW: 0 1.00 INCH OR MORE: 2
[HDD (BASE 65) ]
TOTAL THIS MO. 813 CLEAR (SCALE 0-3) 14
DPTR FM NORMAL -49 PTCLDY (SCALE 4-7) 12
TOTAL FM JUL 1 1468 CLOUDY (SCALE 8-10) 5
DPTR FM NORMAL -301
[CDD (BASE 65) ]
TOTAL THIS MO. 0
DPTR FM NORMAL 0 [PRESSURE DATA]
TOTAL FM JAN 1 1349 HIGHEST SLP 30.58 ON 30
DPTR FM NORMAL 294 LOWEST SLP 29.47 ON 25
[REMARKS]
#FINAL-12-20#