000
CXUS51 KPHI 010815
CF6ACY
PRELIMINARY LOCAL CLIMATOLOGICAL DATA (WS FORM: F-6)
STATION: ATLANTIC CITY NJ
MONTH: MAY
YEAR: 2020
LATITUDE: 39 27 N
LONGITUDE: 74 34 W
TEMPERATURE IN F: :PCPN: SNOW: WIND :SUNSHINE: SKY :PK WND
================================================================================
1 2 3 4 5 6A 6B 7 8 9 10 11 12 13 14 15 16 17 18
12Z AVG MX 2MIN
DY MAX MIN AVG DEP HDD CDD WTR SNW DPTH SPD SPD DIR MIN PSBL S-S WX SPD DR
================================================================================
1 72 55 64 7 1 0 0.07 0.0 0 7.8 18 310 M M 9 12 25 340
2 75 52 64 7 1 0 0.00 0.0 0 11.7 20 340 M M 1 30 320
3 79 55 67 10 0 2 0.21 0.0 0 7.3 16 290 M M 7 24 290
4 77 51 64 6 1 0 0.38 0.0 0 11.4 28 320 M M 4 1 41 330
5 63 45 54 -4 11 0 0.00 0.0 0 6.9 17 320 M M 4 26 350
6 54 45 50 -8 15 0 0.12 0.0 0 8.3 16 50 M M 10 18 23 100
7 67 44 56 -2 9 0 0.00 0.0 0 11.2 22 330 M M 2 30 280
8 61 42 52 -7 13 0 0.07 0.0 0 9.6 36 300 M M 6 46 310
9 51 35 43 -16 22 0 0.01 0.0 0 17.9 31 310 M M 3 46 310
10 64 38 51 -8 14 0 0.00 0.0 0 12.2 21 240 M M 0 30 270
11 66 49 58 -2 7 0 0.02 0.0 0 13.7 29 300 M M 5 41 270
12 62 41 52 -8 13 0 0.00 0.0 0 13.5 26 300 M M 4 37 290
13 67 34 51 -9 14 0 0.00 0.0 0 4.9 17 180 M M 1 27 150
14 71 38 55 -5 10 0 0.00 0.0 0 7.9 22 200 M M 2 1 35 160
15 86 63 75 14 0 10 0.00 0.0 0 11.0 20 250 M M 3 35 250
16 78 57 68 7 0 3 0.00 0.0 0 9.5 18 230 M M 3 29 200
17 66 53 60 -1 5 0 0.00 0.0 0 10.7 18 110 M M 2 26 120
18 62 55 59 -3 6 0 0.00 0.0 0 15.0 23 50 M M 9 35 40
19 65 52 59 -3 6 0 0.00 0.0 0 20.4 35 70 M M 0 49 80
20 60 49 55 -7 10 0 0.00 0.0 0 16.8 26 60 M M 1 39 70
21 66 49 58 -5 7 0 0.00 0.0 0 8.5 18 70 M M 2 24 90
22 71 51 61 -2 4 0 0.18 0.0 0 6.8 16 140 M M 8 18 27 140
23 80 55 68 5 0 3 0.55 0.0 0 7.9 23 70 M M 9 12 31 10
24 63 53 58 -6 7 0 0.00 0.0 0 11.0 16 50 M M 10 1 30 40
25 74 55 65 1 0 0 0.00 0.0 0 7.3 13 30 M M 9 1 19 30
26 73 58 66 2 0 1 0.00 0.0 0 6.1 12 150 M M 7 12 17 140
27 78 59 69 5 0 4 0.00 0.0 0 5.8 14 140 M M 6 12 18 130
28 74 65 70 5 0 5 0.01 0.0 0 10.1 20 180 M M 10 18 32 170
29 82 66 74 9 0 9 T 0.0 0 10.1 23 190 M M 6 1 33 190
30 85 66 76 10 0 11 0.00 0.0 0 8.2 17 290 M M 3 1 23 280
31 74 53 64 -2 1 0 0.00 0.0 0 10.4 21 330 M M 1 29 20
================================================================================
SM 2166 1583 177 48 1.62 0.0 319.9 M 147
================================================================================
AV 69.9 51.1 10.3 FASTST M M 5 MAX(MPH)
MISC ----> 36 300 49 80
================================================================================
NOTES:
# LAST OF SEVERAL OCCURRENCES
COLUMN 17 PEAK WIND IN M.P.H.
PRELIMINARY LOCAL CLIMATOLOGICAL DATA (WS FORM: F-6) , PAGE 2
STATION: ATLANTIC CITY NJ
MONTH: MAY
YEAR: 2020
LATITUDE: 39 27 N
LONGITUDE: 74 34 W
[TEMPERATURE DATA] [PRECIPITATION DATA] SYMBOLS USED IN COLUMN 16
AVERAGE MONTHLY: 60.5 TOTAL FOR MONTH: 1.62 1 = FOG OR MIST
DPTR FM NORMAL: -0.6 DPTR FM NORMAL: -1.73 2 = FOG REDUCING VISIBILITY
HIGHEST: 86 ON 15 GRTST 24HR 0.72 ON 22-23 TO 1/4 MILE OR LESS
LOWEST: 34 ON 13 3 = THUNDER
SNOW, ICE PELLETS, HAIL 4 = ICE PELLETS
TOTAL MONTH: 0.0 INCH 5 = HAIL
GRTST 24HR 0.0 6 = FREEZING RAIN OR DRIZZLE
GRTST DEPTH: 0 7 = DUSTSTORM OR SANDSTORM:
VSBY 1/2 MILE OR LESS
8 = SMOKE OR HAZE
[NO. OF DAYS WITH] [WEATHER - DAYS WITH] 9 = BLOWING SNOW
X = TORNADO
MAX 32 OR BELOW: 0 0.01 INCH OR MORE: 10
MAX 90 OR ABOVE: 0 0.10 INCH OR MORE: 5
MIN 32 OR BELOW: 0 0.50 INCH OR MORE: 1
MIN 0 OR BELOW: 0 1.00 INCH OR MORE: 0
[HDD (BASE 65) ]
TOTAL THIS MO. 177 CLEAR (SCALE 0-3) 12
DPTR FM NORMAL 3 PTCLDY (SCALE 4-7) 11
TOTAL FM JUL 1 4099 CLOUDY (SCALE 8-10) 8
DPTR FM NORMAL -781
[CDD (BASE 65) ]
TOTAL THIS MO. 48
DPTR FM NORMAL -7 [PRESSURE DATA]
TOTAL FM JAN 1 49 HIGHEST SLP 30.42 ON 20
DPTR FM NORMAL -15 LOWEST SLP 29.53 ON 8
[REMARKS]
#FINAL-05-20#