000
CXUS54 KLZK 011130
CF6ADF
PRELIMINARY LOCAL CLIMATOLOGICAL DATA (WS FORM: F-6)
STATION: ARKADELPHIA AIRPORT
MONTH: MAY
YEAR: 2021
LATITUDE: 34 9 N
LONGITUDE: 93 4 W
TEMPERATURE IN F: :PCPN: SNOW: WIND :SUNSHINE: SKY :PK WND
================================================================================
1 2 3 4 5 6A 6B 7 8 9 10 11 12 13 14 15 16 17 18
12Z AVG MX 2MIN
DY MAX MIN AVG DEP HDD CDD WTR SNW DPTH SPD SPD DIR MIN PSBL S-S WX SPD DR
================================================================================
1 78 58 68 2 0 3 T M M 2.1 6 160 M M 6 18 M M
2 73 62 68 2 0 3 0.59 M M 1.7 7 99 M M 8 18 M M
3 86 62 74 8 0 9 0.00 M M 4.1 13 180 M M 6 18 18 190
4 80 59 70 3 0 5 0.00 0.0 0 7.4 16 280 M M 6 8 37 280
5 74 50 62 -5 3 0 0.00 0.0 0 4.5 12 350 M M 1 M M
6 82 50 66 -1 0 1 0.00 0.0 0 4.2 12 340 M M 0 22 320
7 76 48 62 -6 3 0 0.00 0.0 0 2.2 8 10 M M 1 M M
8 85 52 69 1 0 4 0.00 0.0 0 7.5 17 180 M M 1 23 180
9 85 64 75 7 0 10 T M M 11.1 16 220 M M 2 8 21 190
10 64 55 60 -8 5 0 T M M 6.4 10 30 M M 0 17 20
11 61 54 58 -11 7 0 1.56 M M 6.3 15 310 M M 7 13 21 310
12 67 55 61 -8 4 0 T M M 5.9 10 30 M M 10 16 30
13 72 50 61 -8 4 0 0.00 M M 4.7 10 10 M M 3 M M
14 76 45 61 -9 4 0 0.00 M M 1.4 7 30 M M 0 M M
15 81 49 65 -5 0 0 0.00 M M 2.3 9 190 M M 2 M M
16 84 58 71 1 0 6 0.21 M M 3.6 14 180 M M 4 8 20 180
17 76 67 72 2 0 7 0.26 M M 5.7 13 190 M M 10 17 170
18 82 65 74 3 0 9 1.45 0.0 0 4.0 17 310 M M 9 13 28 310
19 76 66 71 0 0 6 1.28 0.0 0 1.9 6 99 M M 10 M M
20 79 68 74 3 0 9 0.05 0.0 0 3.1 8 150 M M 9 M M
21 75 69 72 1 0 7 0.09 M M 0.9 5 99 M M 10 M M
22 85 66 76 4 0 11 0.00 M M 1.8 8 140 M M 5 M M
23 84 65 75 3 0 10 0.00 M M 1.8 7 99 M M 1 M M
24 84 64 74 2 0 9 0.00 M M 1.6 9 170 M M 1 M M
25 84 68 76 4 0 11 T M M 3.5 12 170 M M 9 M M
26 87 67 77 4 0 12 0.01 M M 4.4 9 190 M M 5 M M
27 89 67 78 5 0 13 0.59 0.0 0 5.8 23 310 M M 3 138 37 300
28 84 64 74 1 0 9 0.24 0.0 0 4.5 12 20 M M 3 138 17 10
29 73 55 64 -10 1 0 0.00 0.0 0 6.5 10 20 M M 2 1 16 10
30 71 53 62 -12 3 0 0.00 0.0 0 2.9 6 30 M M 6 18 M M
31 80 52 66 -8 0 1 T M M 2.4 6 160 M M 0 1 M M
================================================================================
SM 2433 1827 34 155 6.33 0.0 126.2 M 140
================================================================================
AV 78.5 58.9 4.1 FASTST M M 5 MAX(MPH)
MISC ----> 23 310 # 37 280
================================================================================
NOTES:
# LAST OF SEVERAL OCCURRENCES
COLUMN 17 PEAK WIND IN M.P.H.
PRELIMINARY LOCAL CLIMATOLOGICAL DATA (WS FORM: F-6) , PAGE 2
STATION: ARKADELPHIA AIRPORT
MONTH: MAY
YEAR: 2021
LATITUDE: 34 9 N
LONGITUDE: 93 4 W
[TEMPERATURE DATA] [PRECIPITATION DATA] SYMBOLS USED IN COLUMN 16
AVERAGE MONTHLY: 68.7 TOTAL FOR MONTH: 6.33 1 = FOG OR MIST
DPTR FM NORMAL: -1.3 DPTR FM NORMAL: -0.09 2 = FOG REDUCING VISIBILITY
HIGHEST: 89 ON 27 GRTST 24HR 1.56 ON 11-11 TO 1/4 MILE OR LESS
LOWEST: 45 ON 14 3 = THUNDER
SNOW, ICE PELLETS, HAIL 4 = ICE PELLETS
TOTAL MONTH: 0.0 INCH 5 = HAIL
GRTST 24HR 0.0 6 = FREEZING RAIN OR DRIZZLE
GRTST DEPTH: 0 7 = DUSTSTORM OR SANDSTORM:
VSBY 1/2 MILE OR LESS
8 = SMOKE OR HAZE
[NO. OF DAYS WITH] [WEATHER - DAYS WITH] 9 = BLOWING SNOW
X = TORNADO
MAX 32 OR BELOW: 0 0.01 INCH OR MORE: 11
MAX 90 OR ABOVE: 0 0.10 INCH OR MORE: 8
MIN 32 OR BELOW: 0 0.50 INCH OR MORE: 5
MIN 0 OR BELOW: 0 1.00 INCH OR MORE: 3
[HDD (BASE 65) ]
TOTAL THIS MO. 34 CLEAR (SCALE 0-3) 13
DPTR FM NORMAL 12 PTCLDY (SCALE 4-7) 11
TOTAL FM JUL 1 2977 CLOUDY (SCALE 8-10) 7
DPTR FM NORMAL -49
[CDD (BASE 65) ]
TOTAL THIS MO. 155
DPTR FM NORMAL -22 [PRESSURE DATA]
TOTAL FM JAN 1 199 HIGHEST SLP M ON M
DPTR FM NORMAL -38 LOWEST SLP M ON M
[REMARKS]
#FINAL-05-21#